{"id":1041,"date":"2014-09-23T07:50:52","date_gmt":"2014-09-23T07:50:52","guid":{"rendered":"http:\/\/www.palaestina-verein.de\/wp\/wordpress\/?page_id=1041"},"modified":"2015-01-16T11:16:39","modified_gmt":"2015-01-16T11:16:39","slug":"le-logo","status":"publish","type":"page","link":"https:\/\/www.palaestina-verein.de\/wp\/wordpress?page_id=1041&lang=fr","title":{"rendered":"L&#8216; embl\u00e8me"},"content":{"rendered":"<div id=\"attachment_1693\" style=\"width: 310px\" class=\"wp-caption alignright\"><a href=\"https:\/\/www.palaestina-verein.de\/wp\/wordpress\/wp-content\/uploads\/Madaba-map-Kopie-e1414582826651.jpg\"><img loading=\"lazy\" decoding=\"async\" aria-describedby=\"caption-attachment-1693\" class=\"wp-image-1693 size-medium\" src=\"https:\/\/www.palaestina-verein.de\/wp\/wordpress\/wp-content\/uploads\/Madaba-map-Kopie-e1414582826651-300x167.jpg\" alt=\"La vigniette de la ville de J\u00e9rusalem illustr\u00e9e dans la carte en mosa\u00efque de Madeba (Wikimedia Commons).\" width=\"300\" height=\"167\" srcset=\"https:\/\/www.palaestina-verein.de\/wp\/wordpress\/wp-content\/uploads\/Madaba-map-Kopie-e1414582826651-300x167.jpg 300w, https:\/\/www.palaestina-verein.de\/wp\/wordpress\/wp-content\/uploads\/Madaba-map-Kopie-e1414582826651-705x394.jpg 705w, https:\/\/www.palaestina-verein.de\/wp\/wordpress\/wp-content\/uploads\/Madaba-map-Kopie-e1414582826651-450x251.jpg 450w, https:\/\/www.palaestina-verein.de\/wp\/wordpress\/wp-content\/uploads\/Madaba-map-Kopie-e1414582826651.jpg 1024w\" sizes=\"auto, (max-width: 300px) 100vw, 300px\" \/><\/a><p id=\"caption-attachment-1693\" class=\"wp-caption-text\">La vigniette de la ville de J\u00e9rusalem illustr\u00e9e dans la carte en mosa\u00efque de Madeba (Wikimedia Commons).<\/p><\/div>\n<p>Depuis 1994 la vignette repr\u00e9sentant la ville de J\u00e9rusalem tir\u00e9e de la carte en mosa\u00efque de Madeba illustre la couverture de toutes les publications de la Soci\u00e9t\u00e9 allemande pour l&#8217;\u00e9tude de la Palestine.<\/p>\n<p>Le bureau s&#8217;est d\u00e9cid\u00e9 pour cette vignette de J\u00e9rusalem car aucun autre lieu de la Terre Sainte ne repr\u00e9sente aussi bien ce qui unit les personnes, \u00e9poques, cultures et religions. Elle est par l\u00e0-m\u00eame symbole des buts de la soci\u00e9t\u00e9 et de ses repr\u00e9sentants. Cette vignette a \u00e9t\u00e9 retenue d&#8217;une part pour son aspect ferm\u00e9, d&#8217;autre part comme t\u00e9moignage en signe de ce vif int\u00e9r\u00eat scientifique port\u00e9 par la soci\u00e9t\u00e9 \u00e0 cette carte mosa\u00efque de Madeba depuis sa d\u00e9couverte \u00e0 la fin du si\u00e8cle dernier.<\/p>\n<p>Pour de plus amples informations vous pouvez consulter l&#8217;ouvrage de : <a href=\"https:\/\/www.palaestina-verein.de\/wp\/wordpress\/?portfolio=adpv-05\">H. Donner\/H. C\u00fcppers, Die Mosaikkarte von Madeba (Abhandlung des Deutschen Pal\u00e4stina-Vereins 5; Wiesbaden 1977)<\/a>.<\/p>\n","protected":false},"excerpt":{"rendered":"<p>Depuis 1994 la vignette repr\u00e9sentant la ville de J\u00e9rusalem tir\u00e9e de la carte en mosa\u00efque de Madeba illustre la couverture de toutes les publications de la Soci\u00e9t\u00e9 allemande pour l&#8217;\u00e9tude de la Palestine. Le bureau s&#8217;est d\u00e9cid\u00e9 pour cette vignette de J\u00e9rusalem car aucun autre lieu de la Terre Sainte ne repr\u00e9sente aussi bien ce [&hellip;]<\/p>\n","protected":false},"author":6,"featured_media":0,"parent":1033,"menu_order":0,"comment_status":"closed","ping_status":"closed","template":"","meta":{"_bbp_topic_count":0,"_bbp_reply_count":0,"_bbp_total_topic_count":0,"_bbp_total_reply_count":0,"_bbp_voice_count":0,"_bbp_anonymous_reply_count":0,"_bbp_topic_count_hidden":0,"_bbp_reply_count_hidden":0,"_bbp_forum_subforum_count":0,"footnotes":""},"class_list":["post-1041","page","type-page","status-publish","hentry"],"_links":{"self":[{"href":"https:\/\/www.palaestina-verein.de\/wp\/wordpress\/index.php?rest_route=\/wp\/v2\/pages\/1041","targetHints":{"allow":["GET"]}}],"collection":[{"href":"https:\/\/www.palaestina-verein.de\/wp\/wordpress\/index.php?rest_route=\/wp\/v2\/pages"}],"about":[{"href":"https:\/\/www.palaestina-verein.de\/wp\/wordpress\/index.php?rest_route=\/wp\/v2\/types\/page"}],"author":[{"embeddable":true,"href":"https:\/\/www.palaestina-verein.de\/wp\/wordpress\/index.php?rest_route=\/wp\/v2\/users\/6"}],"replies":[{"embeddable":true,"href":"https:\/\/www.palaestina-verein.de\/wp\/wordpress\/index.php?rest_route=%2Fwp%2Fv2%2Fcomments&post=1041"}],"version-history":[{"count":10,"href":"https:\/\/www.palaestina-verein.de\/wp\/wordpress\/index.php?rest_route=\/wp\/v2\/pages\/1041\/revisions"}],"predecessor-version":[{"id":2411,"href":"https:\/\/www.palaestina-verein.de\/wp\/wordpress\/index.php?rest_route=\/wp\/v2\/pages\/1041\/revisions\/2411"}],"up":[{"embeddable":true,"href":"https:\/\/www.palaestina-verein.de\/wp\/wordpress\/index.php?rest_route=\/wp\/v2\/pages\/1033"}],"wp:attachment":[{"href":"https:\/\/www.palaestina-verein.de\/wp\/wordpress\/index.php?rest_route=%2Fwp%2Fv2%2Fmedia&parent=1041"}],"curies":[{"name":"wp","href":"https:\/\/api.w.org\/{rel}","templated":true}]}}