{"id":1050,"date":"2014-09-23T08:04:27","date_gmt":"2014-09-23T08:04:27","guid":{"rendered":"http:\/\/www.palaestina-verein.de\/wp\/wordpress\/?page_id=1050"},"modified":"2014-12-19T10:21:35","modified_gmt":"2014-12-19T10:21:35","slug":"le-bureau","status":"publish","type":"page","link":"https:\/\/www.palaestina-verein.de\/wp\/wordpress?page_id=1050&lang=fr","title":{"rendered":"Le bureau"},"content":{"rendered":"<p>Le bureau actuel se compose des personnes suivantes :<\/p>\n<div class=\"staff-member-listing \"><div class=\"staff-member even \">\r\n<div  class='flex_column av-av_one_fifth-2a9015ff38129c418a3f2eafba3e9512 av_one_fifth first flex_column_div  '     ><p> <img decoding=\"async\" class=\"staff-member-photo\" src=\"https:\/\/www.palaestina-verein.de\/wp\/wordpress\/wp-content\/uploads\/kamlah.jpg\" alt=\"Prof. Dr. Jens Kamlah : Vorsitzender, Stellvertretender Schatzmeister\"><\/p><\/div>\r\n <div  class='flex_column av-av_two_fifth-1c47c10d9dd6b9bc0b68f292c1cf5942 av_two_fifth flex_column_div  '     ><p> <strong>Prof. Dr. Jens Kamlah<\/strong><br \/>\nVorsitzender, Stellvertretender Schatzmeister<br \/>\n<a href=\"mailto:&#106;e&#110;&#115;&#046;ka&#109;l&#097;&#104;&#064;uni-&#116;ue&#098;&#105;&#110;&#103;&#101;n&#046;&#100;e\" title=\"Email Prof. Dr. Jens Kamlah\">&#106;e&#110;&#115;&#046;ka&#109;l&#097;&#104;&#064;uni-&#116;ue&#098;&#105;&#110;&#103;&#101;n&#046;&#100;e<\/a><\/p><\/div>\r\n<div  class='flex_column av-av_two_fifth-1c47c10d9dd6b9bc0b68f292c1cf5942 av_two_fifth flex_column_div  '     ><p> <a title=\"Universit\u00e4t T\u00fcbingen\" href=\"http:\/\/www.uni-tuebingen.de\" target=\"_blank\" rel=\"noopener\">Universit\u00e4t T\u00fcbingen<br \/>\n<\/a>Biblisch-Arch\u00e4ologisches Institut<br \/>\nLiebermeisterstra\u00dfe 12-14<br \/>\nD-72076 T\u00fcbingen<br \/>\nFax: +49\/(0)7071\/29-5433 <\/p><\/div>\r\n<\/div> <!-- Close staff-member --><div class=\"staff-member odd \">\r\n<div  class='flex_column av-av_one_fifth-2a9015ff38129c418a3f2eafba3e9512 av_one_fifth first flex_column_div  '     ><p> <img decoding=\"async\" class=\"staff-member-photo\" src=\"https:\/\/www.palaestina-verein.de\/wp\/wordpress\/wp-content\/uploads\/Bild-Schmidt.jpg\" alt=\"Prof. Dr. Katharina Schmidt : Vorsitzende, Internationale Beziehungen\"><\/p><\/div>\r\n <div  class='flex_column av-av_two_fifth-1c47c10d9dd6b9bc0b68f292c1cf5942 av_two_fifth flex_column_div  '     ><p> <strong>Prof. Dr. Katharina Schmidt<\/strong><br \/>\nVorsitzende, Internationale Beziehungen<br \/>\n<a href=\"mailto:&#107;&#097;t&#104;ar&#105;n&#097;s&#099;&#104;&#109;idt&#064;&#117;n&#105;&#045;m&#117;&#101;n&#115;ter.&#100;e\" title=\"Email Prof. Dr. Katharina Schmidt\">&#107;&#097;t&#104;ar&#105;n&#097;s&#099;&#104;&#109;idt&#064;&#117;n&#105;&#045;m&#117;&#101;n&#115;ter.&#100;e<\/a><\/p><\/div>\r\n<div  class='flex_column av-av_two_fifth-1c47c10d9dd6b9bc0b68f292c1cf5942 av_two_fifth flex_column_div  '     ><p> <a title=\"Deutsches Evangelisches Institut f\u00fcr Altertumswissenschaft des Heiligen Landes Amman\" href=\"https:\/\/www.deiahl.de\">Universtit\u00e4t M\u00fcnster<\/a><br \/>\nJuniorprofessorin f\u00fcr Biblische Arch\u00e4ologie\/ Arch\u00e4ologie der Levante<br \/>\nAlttestamentliches Seminar<br \/>\nUniversit\u00e4tsstr. 13-17<br \/>\n48143 M\u00fcnster<\/p>\n<p><a href=\"https:\/\/www.dainst.org\">Deutsches Arch\u00e4ologisches Institut<\/a><br \/>\nWissenschaftliche Referentin f\u00fcr Biblische Arch\u00e4ologie\/ Arch\u00e4ologie der Levante<br \/>\nPr\u00e4sidialbereich<br \/>\nPodbielskiallee 69-71<br \/>\n14195 Berlin <\/p><\/div>\r\n<\/div> <!-- Close staff-member --><div class=\"staff-member even \">\r\n<div  class='flex_column av-av_one_fifth-2a9015ff38129c418a3f2eafba3e9512 av_one_fifth first flex_column_div  '     ><p> <img decoding=\"async\" class=\"staff-member-photo\" src=\"https:\/\/www.palaestina-verein.de\/wp\/wordpress\/wp-content\/uploads\/lichtenberger.jpg\" alt=\"Prof. Dr. Achim Lichtenberger : Herausgeber der ZDPV\"><\/p><\/div>\r\n <div  class='flex_column av-av_two_fifth-1c47c10d9dd6b9bc0b68f292c1cf5942 av_two_fifth flex_column_div  '     ><p> <strong>Prof. Dr. Achim Lichtenberger<\/strong><br \/>\nHerausgeber der ZDPV<br \/>\n<a href=\"mailto:l&#105;&#099;h&#116;en&#098;&#064;uni-&#109;&#117;e&#110;st&#101;r&#046;d&#101;\" title=\"Email Prof. Dr. Achim Lichtenberger\">l&#105;&#099;h&#116;en&#098;&#064;uni-&#109;&#117;e&#110;st&#101;r&#046;d&#101;<\/a><\/p><\/div>\r\n<div  class='flex_column av-av_two_fifth-1c47c10d9dd6b9bc0b68f292c1cf5942 av_two_fifth flex_column_div  '     ><p> <a href=\"http:\/\/www.uni-muenster.de\">Westf\u00e4lische Wilhelms-Universit\u00e4t M\u00fcnster<\/a><br \/>\nInst. f. Klass. Arch\u00e4ologie und Christl. Arch\u00e4ologie\/Arch\u00e4ologisches Museum<br \/>\nDomplatz 20-22,\u00a0D-48143 M\u00fcnster <\/p><\/div>\r\n<\/div> <!-- Close staff-member --><div class=\"staff-member odd \">\r\n<div  class='flex_column av-av_one_fifth-2a9015ff38129c418a3f2eafba3e9512 av_one_fifth first flex_column_div  '     ><p> <img decoding=\"async\" class=\"staff-member-photo\" src=\"https:\/\/www.palaestina-verein.de\/wp\/wordpress\/wp-content\/uploads\/Pyschny-Katharina-3-von-3-copy.jpg\" alt=\"Prof. Dr. Katharina Pyschny : Herausgeberin der ZDPV, F\u00f6rderung junger WissenschaftlerInnen\"><\/p><\/div>\r\n <div  class='flex_column av-av_two_fifth-1c47c10d9dd6b9bc0b68f292c1cf5942 av_two_fifth flex_column_div  '     ><p> <strong>Prof. Dr. Katharina Pyschny<\/strong><br \/>\nHerausgeberin der ZDPV, F\u00f6rderung junger WissenschaftlerInnen<br \/>\n<a href=\"mailto:&#107;at&#104;ar&#105;na&#046;&#112;&#121;&#115;&#099;&#104;ny&#064;uni&#045;&#103;ra&#122;&#046;a&#116;\" title=\"Email Prof. Dr. Katharina Pyschny\">&#107;at&#104;ar&#105;na&#046;&#112;&#121;&#115;&#099;&#104;ny&#064;uni&#045;&#103;ra&#122;&#046;a&#116;<\/a><\/p><\/div>\r\n<div  class='flex_column av-av_two_fifth-1c47c10d9dd6b9bc0b68f292c1cf5942 av_two_fifth flex_column_div  '     ><p> Universit\u00e4t Graz<br \/>\nKatholisch-Theologische Fakult\u00e4t<br \/>\n<a href=\"https:\/\/altes-testament.uni-graz.at\">Institut f\u00fcr Alttestamentliche Bibelwissenschaft<\/a><br \/>\nHeinrichstra\u00dfe 78<br \/>\n8010 Graz, \u00d6sterreich <\/p><\/div>\r\n<\/div> <!-- Close staff-member --><div class=\"staff-member even \">\r\n<div  class='flex_column av-av_one_fifth-2a9015ff38129c418a3f2eafba3e9512 av_one_fifth first flex_column_div  '     ><p> <img decoding=\"async\" class=\"staff-member-photo\" src=\"https:\/\/www.palaestina-verein.de\/wp\/wordpress\/wp-content\/uploads\/MarkusWitte-USA-2019-2-e1637660466588.jpeg\" alt=\"Prof. Dr. Markus Witte : Herausgeber der ZDPV\"><\/p><\/div>\r\n <div  class='flex_column av-av_two_fifth-1c47c10d9dd6b9bc0b68f292c1cf5942 av_two_fifth flex_column_div  '     ><p> <strong>Prof. Dr. Markus Witte<\/strong><br \/>\nHerausgeber der ZDPV<br \/>\n<a href=\"mailto:&#109;a&#114;k&#117;s.w&#105;tte&#064;h&#117;&#045;ber&#108;&#105;n&#046;de\" title=\"Email Prof. Dr. Markus Witte\">&#109;a&#114;k&#117;s.w&#105;tte&#064;h&#117;&#045;ber&#108;&#105;n&#046;de<\/a><\/p><\/div>\r\n<div  class='flex_column av-av_two_fifth-1c47c10d9dd6b9bc0b68f292c1cf5942 av_two_fifth flex_column_div  '     ><p> <a title=\"Humboldt Universit\u00e4t zu Berlin\" href=\"http:\/\/hu-berlin.de\" target=\"_blank\" rel=\"noopener\">Humboldt Universit\u00e4t zu Berlin<\/a><br \/>\nTheologische Fakult\u00e4t<br \/>\nBurgstrasse 26<br \/>\nD-10178 Berlin<br \/>\nFax: +49\/(0)30\/20935937 <\/p><\/div>\r\n<\/div> <!-- Close staff-member --><div class=\"staff-member odd \">\r\n<div  class='flex_column av-av_one_fifth-2a9015ff38129c418a3f2eafba3e9512 av_one_fifth first flex_column_div  '     ><p> <img decoding=\"async\" class=\"staff-member-photo\" src=\"https:\/\/www.palaestina-verein.de\/wp\/wordpress\/wp-content\/uploads\/gass.png\" alt=\"Prof. Dr. Erasmus Ga\u00df : Herausgeber der ADPV\"><\/p><\/div>\r\n <div  class='flex_column av-av_two_fifth-1c47c10d9dd6b9bc0b68f292c1cf5942 av_two_fifth flex_column_div  '     ><p> <strong>Prof. Dr. Erasmus Ga\u00df<\/strong><br \/>\nHerausgeber der ADPV<br \/>\n<a href=\"mailto:&#101;r&#097;&#115;&#109;&#117;&#115;&#046;g&#097;&#115;s&#064;&#117;&#110;&#105;&#045;a&#046;&#100;e\" title=\"Email Prof. Dr. Erasmus Ga\u00df\">&#101;r&#097;&#115;&#109;&#117;&#115;&#046;g&#097;&#115;s&#064;&#117;&#110;&#105;&#045;a&#046;&#100;e<\/a><\/p><\/div>\r\n<div  class='flex_column av-av_two_fifth-1c47c10d9dd6b9bc0b68f292c1cf5942 av_two_fifth flex_column_div  '     ><p> <a href=\"https:\/\/www.uni-augsburg.de\">Universit\u00e4t Augsburg<\/a><br \/>\nLehrstuhl f\u00fcr Alttestamentliche Wissenschaft<br \/>\nUniversit\u00e4tsstra\u00dfe 10<br \/>\nD-86159 Augsburg <\/p><\/div>\r\n<\/div> <!-- Close staff-member --><div class=\"staff-member even \">\r\n<div  class='flex_column av-av_one_fifth-2a9015ff38129c418a3f2eafba3e9512 av_one_fifth first flex_column_div  '     ><p> <img decoding=\"async\" class=\"staff-member-photo\" src=\"https:\/\/www.palaestina-verein.de\/wp\/wordpress\/wp-content\/uploads\/hebert_niehr-e1401885726529.jpg\" alt=\"Prof. Dr. Herbert Niehr : Herausgeber der ADPV\"><\/p><\/div>\r\n <div  class='flex_column av-av_two_fifth-1c47c10d9dd6b9bc0b68f292c1cf5942 av_two_fifth flex_column_div  '     ><p> <strong>Prof. Dr. Herbert Niehr<\/strong><br \/>\nHerausgeber der ADPV<br \/>\n<a href=\"mailto:h&#101;&#114;ber&#116;.nie&#104;r&#064;&#117;n&#105;-t&#117;e&#098;&#105;&#110;&#103;e&#110;.&#100;&#101;\" title=\"Email Prof. Dr. Herbert Niehr\">h&#101;&#114;ber&#116;.nie&#104;r&#064;&#117;n&#105;-t&#117;e&#098;&#105;&#110;&#103;e&#110;.&#100;&#101;<\/a><\/p><\/div>\r\n<div  class='flex_column av-av_two_fifth-1c47c10d9dd6b9bc0b68f292c1cf5942 av_two_fifth flex_column_div  '     ><p> <a title=\"Universit\u00e4t T\u00fcbingen\" href=\"http:\/\/www.uni-tuebingen.de\" target=\"_blank\" rel=\"noopener\">Universit\u00e4t T\u00fcbingen<\/a><br \/>\nKatholisch-Theologische Fakult\u00e4t<br \/>\nLiebermeisterstra\u00dfe 12-14<br \/>\nD-72076 T\u00fcbingen<br \/>\nFax: +49\/(0)7071\/29-2866 <\/p><\/div>\r\n<\/div> <!-- Close staff-member --><div class=\"staff-member odd \">\r\n<div  class='flex_column av-av_one_fifth-2a9015ff38129c418a3f2eafba3e9512 av_one_fifth first flex_column_div  '     ><p> <img decoding=\"async\" class=\"staff-member-photo\" src=\"https:\/\/www.palaestina-verein.de\/wp\/wordpress\/wp-content\/uploads\/michael_niemann-e1401885709886.jpg\" alt=\"Prof. Dr. Hermann Michael Niemann : Herausgeber der ADPV\"><\/p><\/div>\r\n <div  class='flex_column av-av_two_fifth-1c47c10d9dd6b9bc0b68f292c1cf5942 av_two_fifth flex_column_div  '     ><p> <strong>Prof. Dr. Hermann Michael Niemann<\/strong><br \/>\nHerausgeber der ADPV<br \/>\n<a href=\"mailto:h&#109;&#110;&#064;u&#110;&#105;-rost&#111;&#099;&#107;.&#100;e\" title=\"Email Prof. Dr. Hermann Michael Niemann\">h&#109;&#110;&#064;u&#110;&#105;-rost&#111;&#099;&#107;.&#100;e<\/a><\/p><\/div>\r\n<div  class='flex_column av-av_two_fifth-1c47c10d9dd6b9bc0b68f292c1cf5942 av_two_fifth flex_column_div  '     ><p> <a title=\"Universit\u00e4t Rostock\" href=\"http:\/\/www.uni-rostock.de\" target=\"_blank\">Universit\u00e4t Rostock<br \/>\n<\/a>Sildemower Weg 18a<br \/>\nD-18059 Rostock <\/p><\/div>\r\n<\/div> <!-- Close staff-member --><div class=\"staff-member even \">\r\n<div  class='flex_column av-av_one_fifth-2a9015ff38129c418a3f2eafba3e9512 av_one_fifth first flex_column_div  '     ><p> <img decoding=\"async\" class=\"staff-member-photo\" src=\"https:\/\/www.palaestina-verein.de\/wp\/wordpress\/wp-content\/uploads\/Schulz_Foto_klein.jpg\" alt=\"Prof. Dr. Sarah Schulz : F\u00f6rderung junger WissenschaftlerInnen\"><\/p><\/div>\r\n <div  class='flex_column av-av_two_fifth-1c47c10d9dd6b9bc0b68f292c1cf5942 av_two_fifth flex_column_div  '     ><p> <strong>Prof. Dr. Sarah Schulz<\/strong><br \/>\nF\u00f6rderung junger WissenschaftlerInnen<br \/>\n<a href=\"mailto:sarah&#046;sch&#117;lz&#064;&#116;&#104;eol&#111;gie.un&#105;&#045;go&#101;&#116;&#116;&#105;ng&#101;&#110;.de\" title=\"Email Prof. Dr. Sarah Schulz\">sarah&#046;sch&#117;lz&#064;&#116;&#104;eol&#111;gie.un&#105;&#045;go&#101;&#116;&#116;&#105;ng&#101;&#110;.de<\/a><\/p><\/div>\r\n<div  class='flex_column av-av_two_fifth-1c47c10d9dd6b9bc0b68f292c1cf5942 av_two_fifth flex_column_div  '     ><p> <a href=\"https:\/\/www.uni-goettingen.de\/\">Georg-August-Universit\u00e4t G\u00f6ttingen<\/a><br \/>\nTheologische Fakult\u00e4t<br \/>\nPlatz der G\u00f6ttinger Sieben 2<br \/>\nD-37073 G\u00f6ttingen <\/p><\/div>\r\n<\/div> <!-- Close staff-member --><div class=\"staff-member odd \">\r\n<div  class='flex_column av-av_one_fifth-2a9015ff38129c418a3f2eafba3e9512 av_one_fifth first flex_column_div  '     ><p> <img decoding=\"async\" class=\"staff-member-photo\" src=\"https:\/\/www.palaestina-verein.de\/wp\/wordpress\/wp-content\/uploads\/photo_2020-08-19_15-42-06.jpg\" alt=\"Prof. Dr. Michael Pietsch : Schatzmeister\"><\/p><\/div>\r\n <div  class='flex_column av-av_two_fifth-1c47c10d9dd6b9bc0b68f292c1cf5942 av_two_fifth flex_column_div  '     ><p> <strong>Prof. Dr. Michael Pietsch<\/strong><br \/>\nSchatzmeister<br \/>\n<a href=\"mailto:&#109;&#105;c&#104;&#097;el.pi&#101;ts&#099;&#104;&#064;augu&#115;t&#097;&#110;&#097;&#046;&#100;&#101;\" title=\"Email Prof. Dr. Michael Pietsch\">&#109;&#105;c&#104;&#097;el.pi&#101;ts&#099;&#104;&#064;augu&#115;t&#097;&#110;&#097;&#046;&#100;&#101;<\/a><\/p><\/div>\r\n<div  class='flex_column av-av_two_fifth-1c47c10d9dd6b9bc0b68f292c1cf5942 av_two_fifth flex_column_div  '     ><p> <a title=\"Augustana Hochschule\" href=\"https:\/\/www.augustana.de\">Augustana Hochschule<\/a><br \/>\nWaldstra\u00dfe 11<br \/>\nD-91564 Neuendettelsau <\/p><\/div>\r\n<\/div> <!-- Close staff-member --><div class=\"staff-member even  last\">\r\n<div  class='flex_column av-av_one_fifth-2a9015ff38129c418a3f2eafba3e9512 av_one_fifth first flex_column_div  '     ><p> <img decoding=\"async\" class=\"staff-member-photo\" src=\"https:\/\/www.palaestina-verein.de\/wp\/wordpress\/wp-content\/uploads\/stefan_muenger1.jpg\" alt=\"Prof. Dr. Stefan M\u00fcnger : Homepage und Mitgliederbetreuung\"><\/p><\/div>\r\n <div  class='flex_column av-av_two_fifth-1c47c10d9dd6b9bc0b68f292c1cf5942 av_two_fifth flex_column_div  '     ><p> <strong>Prof. Dr. Stefan M\u00fcnger<\/strong><br \/>\nHomepage und Mitgliederbetreuung<br \/>\n<a href=\"mailto:s&#116;&#101;fan&#046;&#109;ue&#110;g&#101;&#114;&#064;uni&#098;&#101;&#046;&#099;h\" title=\"Email Prof. Dr. Stefan M\u00fcnger\">s&#116;&#101;fan&#046;&#109;ue&#110;g&#101;&#114;&#064;uni&#098;&#101;&#046;&#099;h<\/a><\/p><\/div>\r\n<div  class='flex_column av-av_two_fifth-1c47c10d9dd6b9bc0b68f292c1cf5942 av_two_fifth flex_column_div  '     ><p> <a title=\"Universit\u00e4t Bern\" href=\"http:\/\/www.unibe.ch\">Universit\u00e4t Bern<\/a><br \/>\nInstitut f\u00fcr Judaistik<br \/>\nL\u00e4nggassstrasse 51<br \/>\nCH-3012 Bern <\/p><\/div>\r\n<\/div> <!-- Close staff-member --><\/div> <!-- Close staff-member-listing -->\n","protected":false},"excerpt":{"rendered":"<p>Le bureau actuel se compose des personnes suivantes :<\/p>\n","protected":false},"author":6,"featured_media":0,"parent":1033,"menu_order":0,"comment_status":"closed","ping_status":"closed","template":"","meta":{"_bbp_topic_count":0,"_bbp_reply_count":0,"_bbp_total_topic_count":0,"_bbp_total_reply_count":0,"_bbp_voice_count":0,"_bbp_anonymous_reply_count":0,"_bbp_topic_count_hidden":0,"_bbp_reply_count_hidden":0,"_bbp_forum_subforum_count":0,"footnotes":""},"class_list":["post-1050","page","type-page","status-publish","hentry"],"_links":{"self":[{"href":"https:\/\/www.palaestina-verein.de\/wp\/wordpress\/index.php?rest_route=\/wp\/v2\/pages\/1050","targetHints":{"allow":["GET"]}}],"collection":[{"href":"https:\/\/www.palaestina-verein.de\/wp\/wordpress\/index.php?rest_route=\/wp\/v2\/pages"}],"about":[{"href":"https:\/\/www.palaestina-verein.de\/wp\/wordpress\/index.php?rest_route=\/wp\/v2\/types\/page"}],"author":[{"embeddable":true,"href":"https:\/\/www.palaestina-verein.de\/wp\/wordpress\/index.php?rest_route=\/wp\/v2\/users\/6"}],"replies":[{"embeddable":true,"href":"https:\/\/www.palaestina-verein.de\/wp\/wordpress\/index.php?rest_route=%2Fwp%2Fv2%2Fcomments&post=1050"}],"version-history":[{"count":2,"href":"https:\/\/www.palaestina-verein.de\/wp\/wordpress\/index.php?rest_route=\/wp\/v2\/pages\/1050\/revisions"}],"predecessor-version":[{"id":2359,"href":"https:\/\/www.palaestina-verein.de\/wp\/wordpress\/index.php?rest_route=\/wp\/v2\/pages\/1050\/revisions\/2359"}],"up":[{"embeddable":true,"href":"https:\/\/www.palaestina-verein.de\/wp\/wordpress\/index.php?rest_route=\/wp\/v2\/pages\/1033"}],"wp:attachment":[{"href":"https:\/\/www.palaestina-verein.de\/wp\/wordpress\/index.php?rest_route=%2Fwp%2Fv2%2Fmedia&parent=1050"}],"curies":[{"name":"wp","href":"https:\/\/api.w.org\/{rel}","templated":true}]}}