{"id":2332,"date":"2014-09-22T16:30:17","date_gmt":"2014-09-22T16:30:17","guid":{"rendered":"http:\/\/www.palaestina-verein.de\/wp\/wordpress\/?page_id=2332"},"modified":"2018-05-20T08:01:32","modified_gmt":"2018-05-20T08:01:32","slug":"die-bibliothek","status":"publish","type":"page","link":"https:\/\/www.palaestina-verein.de\/wp\/wordpress?page_id=2332&lang=fr","title":{"rendered":"La biblioth\u00e8que"},"content":{"rendered":"<div id=\"attachment_3239\" style=\"width: 1510px\" class=\"wp-caption alignleft\"><img loading=\"lazy\" decoding=\"async\" aria-describedby=\"caption-attachment-3239\" class=\"wp-image-3239 size-featured\" src=\"https:\/\/www.palaestina-verein.de\/wp\/wordpress\/wp-content\/uploads\/bibliothek_muenster-1500x430.jpg\" alt=\"La biblioth\u00e8que de la Soci\u00e9t\u00e9 \u00e0 l'Universit\u00e9 de M\u00fcnster (photographi\u00e9 par Robert Dylka).\" width=\"1500\" height=\"430\" \/><p id=\"caption-attachment-3239\" class=\"wp-caption-text\">La biblioth\u00e8que de la Soci\u00e9t\u00e9 \u00e0 l&#8217;Universit\u00e9 de M\u00fcnster (photographi\u00e9 par Robert Dylka).<\/p><\/div>\n<p>La biblioth\u00e8que exceptionnelle de la Soci\u00e9t\u00e9 allemande pour l&#8217;\u00e9tude de la Palestine a \u00e9t\u00e9 recueilli depuis 1878 et\u00a0incin\u00e9ra pendant le bombardement de Leipzig en 1943 concurremment avec l&#8217;archive et les collections ethnologique et arch\u00e9ologique de la Soci\u00e9t\u00e9. Apr\u00e8s la\u00a0Seconde Guerre mondiale, la biblioth\u00e8que \u00e9tait recueilli de nouveau et elle est d\u00e9sormais une biblioth\u00e8que apr\u00e8s-guerre bas\u00e9e sur l&#8217;\u00e9change du Journal de la Soci\u00e9t\u00e9 allemande pour l\u2019\u00e9tude de la Palestine &#8211; ZDPV avec des journaux comparable.<\/p>\n<p>Depuis 1998 la biblioth\u00e8que se trouve \u00e0 l&#8216;<a href=\"https:\/\/www.uni-muenster.de\/Archaeologie\/\">Universit\u00e9 de M\u00fcnster<\/a>\u00a0(journaux) and \u00e0 la\u00a0<a href=\"https:\/\/www.theologie.hu-berlin.de\/de\/professuren\/professuren\/at\/bibliothek-des-deutschen-palaestina-vereins\">Humboldt Universit\u00e9<\/a>\u00a0\u00e0 Berlin (monographes). Pour plus de d\u00e9tails, veuillez consulter la version allemande de cette page.<\/p>\n","protected":false},"excerpt":{"rendered":"<p>La biblioth\u00e8que exceptionnelle de la Soci\u00e9t\u00e9 allemande pour l&#8217;\u00e9tude de la Palestine a \u00e9t\u00e9 recueilli depuis 1878 et\u00a0incin\u00e9ra pendant le bombardement de Leipzig en 1943 concurremment avec l&#8217;archive et les collections ethnologique et arch\u00e9ologique de la Soci\u00e9t\u00e9. Apr\u00e8s la\u00a0Seconde Guerre mondiale, la biblioth\u00e8que \u00e9tait recueilli de nouveau et elle est d\u00e9sormais une biblioth\u00e8que apr\u00e8s-guerre bas\u00e9e [&hellip;]<\/p>\n","protected":false},"author":6,"featured_media":0,"parent":1033,"menu_order":0,"comment_status":"closed","ping_status":"closed","template":"","meta":{"_bbp_topic_count":0,"_bbp_reply_count":0,"_bbp_total_topic_count":0,"_bbp_total_reply_count":0,"_bbp_voice_count":0,"_bbp_anonymous_reply_count":0,"_bbp_topic_count_hidden":0,"_bbp_reply_count_hidden":0,"_bbp_forum_subforum_count":0,"footnotes":""},"class_list":["post-2332","page","type-page","status-publish","hentry"],"_links":{"self":[{"href":"https:\/\/www.palaestina-verein.de\/wp\/wordpress\/index.php?rest_route=\/wp\/v2\/pages\/2332","targetHints":{"allow":["GET"]}}],"collection":[{"href":"https:\/\/www.palaestina-verein.de\/wp\/wordpress\/index.php?rest_route=\/wp\/v2\/pages"}],"about":[{"href":"https:\/\/www.palaestina-verein.de\/wp\/wordpress\/index.php?rest_route=\/wp\/v2\/types\/page"}],"author":[{"embeddable":true,"href":"https:\/\/www.palaestina-verein.de\/wp\/wordpress\/index.php?rest_route=\/wp\/v2\/users\/6"}],"replies":[{"embeddable":true,"href":"https:\/\/www.palaestina-verein.de\/wp\/wordpress\/index.php?rest_route=%2Fwp%2Fv2%2Fcomments&post=2332"}],"version-history":[{"count":8,"href":"https:\/\/www.palaestina-verein.de\/wp\/wordpress\/index.php?rest_route=\/wp\/v2\/pages\/2332\/revisions"}],"predecessor-version":[{"id":3252,"href":"https:\/\/www.palaestina-verein.de\/wp\/wordpress\/index.php?rest_route=\/wp\/v2\/pages\/2332\/revisions\/3252"}],"up":[{"embeddable":true,"href":"https:\/\/www.palaestina-verein.de\/wp\/wordpress\/index.php?rest_route=\/wp\/v2\/pages\/1033"}],"wp:attachment":[{"href":"https:\/\/www.palaestina-verein.de\/wp\/wordpress\/index.php?rest_route=%2Fwp%2Fv2%2Fmedia&parent=2332"}],"curies":[{"name":"wp","href":"https:\/\/api.w.org\/{rel}","templated":true}]}}

La bibliothèque

<div id="attachment_3239" style="width: 1510px" class="wp-caption alignleft"><img loading="lazy" decoding="async" aria-describedby="caption-attachment-3239" class="wp-image-3239 size-featured" src="https://www.palaestina-verein.de/wp/wordpress/wp-content/uploads/bibliothek_muenster-1500x430.jpg" alt="La bibliothèque de la Société à l'Université de Münster (photographié par Robert Dylka)." width="1500" height="430" /><p id="caption-attachment-3239" class="wp-caption-text">La bibliothèque de la Société à l&#8217;Université de Münster (photographié par Robert Dylka).</p></div>
<p>La bibliothèque exceptionnelle de la Société allemande pour l&#8217;étude de la Palestine a été recueilli depuis 1878 et incinéra pendant le bombardement de Leipzig en 1943 concurremment avec l&#8217;archive et les collections ethnologique et archéologique de la Société. Après la Seconde Guerre mondiale, la bibliothèque était recueilli de nouveau et elle est désormais une bibliothèque après-guerre basée sur l&#8217;échange du Journal de la Société allemande pour l’étude de la Palestine &#8211; ZDPV avec des journaux comparable.</p>
<p>Depuis 1998 la bibliothèque se trouve à l&#8216;<a href="https://www.uni-muenster.de/Archaeologie/">Université de Münster</a> (journaux) and à la <a href="https://www.theologie.hu-berlin.de/de/professuren/professuren/at/bibliothek-des-deutschen-palaestina-vereins">Humboldt Université</a> à Berlin (monographes). Pour plus de détails, veuillez consulter la version allemande de cette page.</p>

<p>La bibliothèque exceptionnelle de la Société allemande pour l&#8217;étude de la Palestine a été recueilli depuis 1878 et incinéra pendant le bombardement de Leipzig en 1943 concurremment avec l&#8217;archive et les collections ethnologique et archéologique de la Société. Après la Seconde Guerre mondiale, la bibliothèque était recueilli de nouveau et elle est désormais une bibliothèque après-guerre basée [&hellip;]</p>
