{"id":441,"date":"2014-08-06T13:46:41","date_gmt":"2014-08-06T13:46:41","guid":{"rendered":"http:\/\/www.palaestina-verein.de\/wp\/wordpress\/?page_id=441"},"modified":"2024-10-30T08:45:20","modified_gmt":"2024-10-30T08:45:20","slug":"foerderung","status":"publish","type":"page","link":"https:\/\/www.palaestina-verein.de\/wp\/wordpress?page_id=441","title":{"rendered":"F\u00f6rderung des Vereins"},"content":{"rendered":"<div  class='flex_column av-1gf3ix-c97e01647dcaa54b761b4037896b8bd8 av_one_full  avia-builder-el-0  el_before_av_one_full  avia-builder-el-first  first flex_column_div  '     ><section  class='av_textblock_section av-1817gx-f8f5ad023ae9de0383d7609b161ae4ad '   itemscope=\"itemscope\" itemtype=\"https:\/\/schema.org\/CreativeWork\" ><div class='avia_textblock'  itemprop=\"text\" ><h5>Sie m\u00f6chten den Deutschen Pal\u00e4stina-Verein f\u00f6rdern?<\/h5>\n<p>Sie k\u00f6nnen die Arbeit des Deutschen Pal\u00e4stina-Vereins insbesondere durch Ihre Mitgliedschaft f\u00f6rdern. Ein Online-Beitrittsformular finden Sie unter der Rubrik &#8222;Mitgliedschaft&#8220;.<br \/>\nSie sind schon Mitglied? Dann werben Sie f\u00fcr unsere Ziele und unseren Verein.<\/p>\n<\/div><\/section><br \/>\n\n<style type=\"text\/css\" data-created_by=\"avia_inline_auto\" id=\"style-css-av-1453hl-a48578cc2d0c3ef6119e6b409127b9f5\">\n#top .avia-icon-list-container.av-1453hl-a48578cc2d0c3ef6119e6b409127b9f5 .iconlist_icon{\nbackground-color:#943634;\n}\n<\/style>\n<div  class='avia-icon-list-container av-1453hl-a48578cc2d0c3ef6119e6b409127b9f5  avia-builder-el-2  el_after_av_textblock  avia-builder-el-last '><ul class='avia-icon-list avia_animate_when_almost_visible avia-icon-list-left av-iconlist-big av-1453hl-a48578cc2d0c3ef6119e6b409127b9f5 avia-iconlist-animate'>\n<li><div class='iconlist_icon av-vb5i1-75b8c1cdd3fe5692be5f33681b7aa834 avia-font-entypo-fontello avia-iconfont avia-font-entypo-fontello'><span class='av-icon-char' data-av_icon='\ue8c7' data-av_iconfont='entypo-fontello' aria-hidden=\"true\"><\/span><\/div><article class=\"article-icon-entry \"  itemscope=\"itemscope\" itemtype=\"https:\/\/schema.org\/CreativeWork\" ><div class=\"iconlist_content_wrap\"><header class=\"entry-content-header\" aria-label=\"Icon: \"><\/header><div class='iconlist_content '  itemprop=\"text\" ><p>Spenden k\u00f6nnen Sie direkt auf das Konto des Vereins \u00fcberweisen. Bitte deklarieren Sie Ihre Einzahlung als &#8222;Spende f\u00fcr den DPV&#8220;. Der Schatzmeister wird Ihnen eine Spendenbescheinigung ausstellen. Die Angaben zum Konto entnehmen Sie bitte der Spalte rechts.<\/p>\n<\/div><\/div><footer class=\"entry-footer\"><\/footer><\/article><div class=\"iconlist-timeline\"><\/div><\/li>\n<li><div class='iconlist_icon av-pajnt-d1b5f4950d2f123712fe8d515f09ff55 avia-font-entypo-fontello avia-iconfont avia-font-entypo-fontello'><span class='av-icon-char' data-av_icon='\ue84e' data-av_iconfont='entypo-fontello' aria-hidden=\"true\"><\/span><\/div><article class=\"article-icon-entry \"  itemscope=\"itemscope\" itemtype=\"https:\/\/schema.org\/CreativeWork\" ><div class=\"iconlist_content_wrap\"><header class=\"entry-content-header\" aria-label=\"Icon: \"><\/header><div class='iconlist_content '  itemprop=\"text\" ><p>Buchspenden f\u00fcr die Bibliothek senden Sie bitte an <a href=\"https:\/\/www.palaestina-verein.de\/wp\/wordpress?staff-member=prof-dr-markus-witte-2\">Prof. Dr. Markus Witte<\/a>.<\/p>\n<\/div><\/div><footer class=\"entry-footer\"><\/footer><\/article><div class=\"iconlist-timeline\"><\/div><\/li>\n<li><div class='iconlist_icon av-nfnhd-dd71cbea48213aabe1b5c6d66099131d avia-font-entypo-fontello avia-iconfont avia-font-entypo-fontello'><span class='av-icon-char' data-av_icon='\ue84c' data-av_iconfont='entypo-fontello' aria-hidden=\"true\"><\/span><\/div><article class=\"article-icon-entry \"  itemscope=\"itemscope\" itemtype=\"https:\/\/schema.org\/CreativeWork\" ><div class=\"iconlist_content_wrap\"><header class=\"entry-content-header\" aria-label=\"Icon: \"><\/header><div class='iconlist_content '  itemprop=\"text\" ><p>Testamentarische Verf\u00fcgungen m\u00f6gen bitte &#8222;zugunsten des Deutschen Vereins zur Erforschung Pal\u00e4stinas&#8220; erfolgen. Aus juristischen Gr\u00fcnden beachten Sie bitte die genannte Formulierung.<\/p>\n<\/div><\/div><footer class=\"entry-footer\"><\/footer><\/article><div class=\"iconlist-timeline\"><\/div><\/li>\n<\/ul><\/div><\/p><\/div><div  class='flex_column av-ew59l-39c14a0adba884dad0fc241bf82da84b av_one_full  avia-builder-el-3  el_after_av_one_full  avia-builder-el-last  first flex_column_div  column-top-margin'     ><section  class='av_textblock_section av-pskx-a174a8767d6bd0a6b227053eefd96d9d '   itemscope=\"itemscope\" itemtype=\"https:\/\/schema.org\/CreativeWork\" ><div class='avia_textblock'  itemprop=\"text\" ><h5>F\u00f6rderung und Unterst\u00fctzung wissenschaftlicher Pal\u00e4stina-Forschungen durch den Deutschen Verein zur Erforschung Pal\u00e4stinas<\/h5>\n<p>Der Deutsche Verein zur Erforschung Pal\u00e4stinas f\u00f6rdert seit dem Jahr 2005 aus Vereinsmitteln wissenschaftliche Projekte, die der Vereinssatzung gem\u00e4\u00df der Erforschung Pal\u00e4stinas dienen.<\/p>\n<\/div><\/section><\/div><\/p>\n","protected":false},"excerpt":{"rendered":"","protected":false},"author":6,"featured_media":0,"parent":0,"menu_order":0,"comment_status":"closed","ping_status":"closed","template":"","meta":{"_bbp_topic_count":0,"_bbp_reply_count":0,"_bbp_total_topic_count":0,"_bbp_total_reply_count":0,"_bbp_voice_count":0,"_bbp_anonymous_reply_count":0,"_bbp_topic_count_hidden":0,"_bbp_reply_count_hidden":0,"_bbp_forum_subforum_count":0,"footnotes":""},"class_list":["post-441","page","type-page","status-publish","hentry"],"_links":{"self":[{"href":"https:\/\/www.palaestina-verein.de\/wp\/wordpress\/index.php?rest_route=\/wp\/v2\/pages\/441","targetHints":{"allow":["GET"]}}],"collection":[{"href":"https:\/\/www.palaestina-verein.de\/wp\/wordpress\/index.php?rest_route=\/wp\/v2\/pages"}],"about":[{"href":"https:\/\/www.palaestina-verein.de\/wp\/wordpress\/index.php?rest_route=\/wp\/v2\/types\/page"}],"author":[{"embeddable":true,"href":"https:\/\/www.palaestina-verein.de\/wp\/wordpress\/index.php?rest_route=\/wp\/v2\/users\/6"}],"replies":[{"embeddable":true,"href":"https:\/\/www.palaestina-verein.de\/wp\/wordpress\/index.php?rest_route=%2Fwp%2Fv2%2Fcomments&post=441"}],"version-history":[{"count":22,"href":"https:\/\/www.palaestina-verein.de\/wp\/wordpress\/index.php?rest_route=\/wp\/v2\/pages\/441\/revisions"}],"predecessor-version":[{"id":3835,"href":"https:\/\/www.palaestina-verein.de\/wp\/wordpress\/index.php?rest_route=\/wp\/v2\/pages\/441\/revisions\/3835"}],"wp:attachment":[{"href":"https:\/\/www.palaestina-verein.de\/wp\/wordpress\/index.php?rest_route=%2Fwp%2Fv2%2Fmedia&parent=441"}],"curies":[{"name":"wp","href":"https:\/\/api.w.org\/{rel}","templated":true}]}}

Förderung des Vereins

<div  class='flex_column av-1gf3ix-c97e01647dcaa54b761b4037896b8bd8 av_one_full  avia-builder-el-0  el_before_av_one_full  avia-builder-el-first  first flex_column_div  '     ><section  class='av_textblock_section av-1817gx-f8f5ad023ae9de0383d7609b161ae4ad '   itemscope="itemscope" itemtype="https://schema.org/CreativeWork" ><div class='avia_textblock'  itemprop="text" ><h5>Sie möchten den Deutschen Palästina-Verein fördern?</h5>
<p>Sie können die Arbeit des Deutschen Palästina-Vereins insbesondere durch Ihre Mitgliedschaft fördern. Ein Online-Beitrittsformular finden Sie unter der Rubrik &#8222;Mitgliedschaft&#8220;.<br />
Sie sind schon Mitglied? Dann werben Sie für unsere Ziele und unseren Verein.</p>
</div></section><br />

<style type="text/css" data-created_by="avia_inline_auto" id="style-css-av-1453hl-a48578cc2d0c3ef6119e6b409127b9f5">
#top .avia-icon-list-container.av-1453hl-a48578cc2d0c3ef6119e6b409127b9f5 .iconlist_icon{
background-color:#943634;
}
</style>
<div  class='avia-icon-list-container av-1453hl-a48578cc2d0c3ef6119e6b409127b9f5  avia-builder-el-2  el_after_av_textblock  avia-builder-el-last '><ul class='avia-icon-list avia_animate_when_almost_visible avia-icon-list-left av-iconlist-big av-1453hl-a48578cc2d0c3ef6119e6b409127b9f5 avia-iconlist-animate'>
<li><div class='iconlist_icon av-vb5i1-75b8c1cdd3fe5692be5f33681b7aa834 avia-font-entypo-fontello avia-iconfont avia-font-entypo-fontello'><span class='av-icon-char' data-av_icon='' data-av_iconfont='entypo-fontello' aria-hidden="true"></span></div><article class="article-icon-entry "  itemscope="itemscope" itemtype="https://schema.org/CreativeWork" ><div class="iconlist_content_wrap"><header class="entry-content-header" aria-label="Icon: "></header><div class='iconlist_content '  itemprop="text" ><p>Spenden können Sie direkt auf das Konto des Vereins überweisen. Bitte deklarieren Sie Ihre Einzahlung als &#8222;Spende für den DPV&#8220;. Der Schatzmeister wird Ihnen eine Spendenbescheinigung ausstellen. Die Angaben zum Konto entnehmen Sie bitte der Spalte rechts.</p>
</div></div><footer class="entry-footer"></footer></article><div class="iconlist-timeline"></div></li>
<li><div class='iconlist_icon av-pajnt-d1b5f4950d2f123712fe8d515f09ff55 avia-font-entypo-fontello avia-iconfont avia-font-entypo-fontello'><span class='av-icon-char' data-av_icon='' data-av_iconfont='entypo-fontello' aria-hidden="true"></span></div><article class="article-icon-entry "  itemscope="itemscope" itemtype="https://schema.org/CreativeWork" ><div class="iconlist_content_wrap"><header class="entry-content-header" aria-label="Icon: "></header><div class='iconlist_content '  itemprop="text" ><p>Buchspenden für die Bibliothek senden Sie bitte an <a href="https://www.palaestina-verein.de/wp/wordpress?staff-member=prof-dr-markus-witte-2">Prof. Dr. Markus Witte</a>.</p>
</div></div><footer class="entry-footer"></footer></article><div class="iconlist-timeline"></div></li>
<li><div class='iconlist_icon av-nfnhd-dd71cbea48213aabe1b5c6d66099131d avia-font-entypo-fontello avia-iconfont avia-font-entypo-fontello'><span class='av-icon-char' data-av_icon='' data-av_iconfont='entypo-fontello' aria-hidden="true"></span></div><article class="article-icon-entry "  itemscope="itemscope" itemtype="https://schema.org/CreativeWork" ><div class="iconlist_content_wrap"><header class="entry-content-header" aria-label="Icon: "></header><div class='iconlist_content '  itemprop="text" ><p>Testamentarische Verfügungen mögen bitte &#8222;zugunsten des Deutschen Vereins zur Erforschung Palästinas&#8220; erfolgen. Aus juristischen Gründen beachten Sie bitte die genannte Formulierung.</p>
</div></div><footer class="entry-footer"></footer></article><div class="iconlist-timeline"></div></li>
</ul></div></p></div><div  class='flex_column av-ew59l-39c14a0adba884dad0fc241bf82da84b av_one_full  avia-builder-el-3  el_after_av_one_full  avia-builder-el-last  first flex_column_div  column-top-margin'     ><section  class='av_textblock_section av-pskx-a174a8767d6bd0a6b227053eefd96d9d '   itemscope="itemscope" itemtype="https://schema.org/CreativeWork" ><div class='avia_textblock'  itemprop="text" ><h5>Förderung und Unterstützung wissenschaftlicher Palästina-Forschungen durch den Deutschen Verein zur Erforschung Palästinas</h5>
<p>Der Deutsche Verein zur Erforschung Palästinas fördert seit dem Jahr 2005 aus Vereinsmitteln wissenschaftliche Projekte, die der Vereinssatzung gemäß der Erforschung Palästinas dienen.</p>
</div></section></div></p>
