{"id":460,"date":"2014-08-06T14:24:39","date_gmt":"2014-08-06T14:24:39","guid":{"rendered":"http:\/\/www.palaestina-verein.de\/wp\/wordpress\/?page_id=460"},"modified":"2015-01-29T15:08:45","modified_gmt":"2015-01-29T15:08:45","slug":"publikationen-2","status":"publish","type":"page","link":"https:\/\/www.palaestina-verein.de\/wp\/wordpress?page_id=460","title":{"rendered":"Publikationen"},"content":{"rendered":"<div  class='flex_column av-av_one_full-2a9015ff38129c418a3f2eafba3e9512 av_one_full  avia-builder-el-0  avia-builder-el-no-sibling  first flex_column_div  '     ><p><section  class='av_textblock_section av-av_textblock-0366cc7376be6c9e82a3e9cc8987b64f '   itemscope=\"itemscope\" itemtype=\"https:\/\/schema.org\/CreativeWork\" ><div class='avia_textblock'  itemprop=\"text\" ><p>Der Deutsche Verein zur Erforschung Pal\u00e4stinas ver\u00f6ffentlicht entsprechend seinen Zielsetzungen wissenschaftliche Beitr\u00e4ge zur Landeskunde, Geschichte und Kultur Pal\u00e4stinas und seiner Nachbarl\u00e4nder.<\/p>\n<\/div><\/section><br \/>\n\n<style type=\"text\/css\" data-created_by=\"avia_inline_auto\" id=\"style-css-av-av_iconlist-74f87b5a922141df2468418214328c97\">\n#top .avia-icon-list-container.av-av_iconlist-74f87b5a922141df2468418214328c97 .iconlist_icon{\nbackground-color:#943634;\n}\n<\/style>\n<div  class='avia-icon-list-container av-av_iconlist-74f87b5a922141df2468418214328c97  avia-builder-el-2  el_after_av_textblock  avia-builder-el-last '><ul class='avia-icon-list avia_animate_when_almost_visible avia-icon-list-left av-iconlist-big av-av_iconlist-74f87b5a922141df2468418214328c97 avia-iconlist-animate'>\n<li><a href='https:\/\/www.palaestina-verein.de\/wp\/wordpress?page_id=452' title='Zeitschrift des Deutschen Pal\u00e4stina-Vereins'  class='iconlist_icon av-av_iconlist_item-941805173db193aa4ab4d884315138d1 avia-font-entypo-fontello avia-iconfont avia-font-entypo-fontello'><span class='av-icon-char' data-av_icon='\ue84e' data-av_iconfont='entypo-fontello' aria-hidden=\"true\"><\/span><\/a><article class=\"article-icon-entry \"  itemscope=\"itemscope\" itemtype=\"https:\/\/schema.org\/CreativeWork\" ><div class=\"iconlist_content_wrap\"><header class=\"entry-content-header\" aria-label=\"Icon: &lt;a href=&#039;https:\/\/www.palaestina-verein.de\/wp\/wordpress?page_id=452&#039; title=&#039;Zeitschrift des Deutschen Pal\u00e4stina-Vereins&#039;&gt;Zeitschrift des Deutschen Pal\u00e4stina-Vereins&lt;\/a&gt;\"><h4 class='av_iconlist_title iconlist_title  '  itemprop=\"headline\" ><a href='https:\/\/www.palaestina-verein.de\/wp\/wordpress?page_id=452' title='Zeitschrift des Deutschen Pal\u00e4stina-Vereins'>Zeitschrift des Deutschen Pal\u00e4stina-Vereins<\/a><\/h4><\/header><div class='iconlist_content '  itemprop=\"text\" ><p>Aufs\u00e4tze, Berichte, Buchbesprechungen und Mitteilungen erscheinen in der Zeitschrift des Deutschen Pal\u00e4stina-Vereins (ZDPV), die in der Regel halbj\u00e4hrlich herausgegeben wird.\u00a0Die ZDPV ist zugleich Organ des Deutschen Evangelischen Instituts f\u00fcr Altertumswissenschaft des Heiligen Landes.<\/p>\n<\/div><\/div><footer class=\"entry-footer\"><\/footer><\/article><div class=\"iconlist-timeline\"><\/div><\/li>\n<li><a href='https:\/\/www.palaestina-verein.de\/wp\/wordpress?page_id=469' title='Abhandlungen des Deutschen Pal\u00e4stina-Vereins'  class='iconlist_icon av-av_iconlist_item-99d8f88323194caf27bc29586fb34511 avia-font-entypo-fontello avia-iconfont avia-font-entypo-fontello'><span class='av-icon-char' data-av_icon='\ue84e' data-av_iconfont='entypo-fontello' aria-hidden=\"true\"><\/span><\/a><article class=\"article-icon-entry \"  itemscope=\"itemscope\" itemtype=\"https:\/\/schema.org\/CreativeWork\" ><div class=\"iconlist_content_wrap\"><header class=\"entry-content-header\" aria-label=\"Icon: &lt;a href=&#039;https:\/\/www.palaestina-verein.de\/wp\/wordpress?page_id=469&#039; title=&#039;Abhandlungen des Deutschen Pal\u00e4stina-Vereins&#039;&gt;Abhandlungen des Deutschen Pal\u00e4stina-Vereins&lt;\/a&gt;\"><h4 class='av_iconlist_title iconlist_title  '  itemprop=\"headline\" ><a href='https:\/\/www.palaestina-verein.de\/wp\/wordpress?page_id=469' title='Abhandlungen des Deutschen Pal\u00e4stina-Vereins'>Abhandlungen des Deutschen Pal\u00e4stina-Vereins<\/a><\/h4><\/header><div class='iconlist_content '  itemprop=\"text\" ><p>Seit 1969 werden in unregelm\u00e4\u00dfiger Folge auch Monographien in den Abhandlungen des Deutschen-Pal\u00e4stina-Vereins ver\u00f6ffentlicht.<\/p>\n<\/div><\/div><footer class=\"entry-footer\"><\/footer><\/article><div class=\"iconlist-timeline\"><\/div><\/li>\n<\/ul><\/div><\/p><\/div>\n","protected":false},"excerpt":{"rendered":"","protected":false},"author":6,"featured_media":0,"parent":0,"menu_order":0,"comment_status":"closed","ping_status":"closed","template":"","meta":{"_bbp_topic_count":0,"_bbp_reply_count":0,"_bbp_total_topic_count":0,"_bbp_total_reply_count":0,"_bbp_voice_count":0,"_bbp_anonymous_reply_count":0,"_bbp_topic_count_hidden":0,"_bbp_reply_count_hidden":0,"_bbp_forum_subforum_count":0,"footnotes":""},"class_list":["post-460","page","type-page","status-publish","hentry"],"_links":{"self":[{"href":"https:\/\/www.palaestina-verein.de\/wp\/wordpress\/index.php?rest_route=\/wp\/v2\/pages\/460","targetHints":{"allow":["GET"]}}],"collection":[{"href":"https:\/\/www.palaestina-verein.de\/wp\/wordpress\/index.php?rest_route=\/wp\/v2\/pages"}],"about":[{"href":"https:\/\/www.palaestina-verein.de\/wp\/wordpress\/index.php?rest_route=\/wp\/v2\/types\/page"}],"author":[{"embeddable":true,"href":"https:\/\/www.palaestina-verein.de\/wp\/wordpress\/index.php?rest_route=\/wp\/v2\/users\/6"}],"replies":[{"embeddable":true,"href":"https:\/\/www.palaestina-verein.de\/wp\/wordpress\/index.php?rest_route=%2Fwp%2Fv2%2Fcomments&post=460"}],"version-history":[{"count":12,"href":"https:\/\/www.palaestina-verein.de\/wp\/wordpress\/index.php?rest_route=\/wp\/v2\/pages\/460\/revisions"}],"predecessor-version":[{"id":2769,"href":"https:\/\/www.palaestina-verein.de\/wp\/wordpress\/index.php?rest_route=\/wp\/v2\/pages\/460\/revisions\/2769"}],"wp:attachment":[{"href":"https:\/\/www.palaestina-verein.de\/wp\/wordpress\/index.php?rest_route=%2Fwp%2Fv2%2Fmedia&parent=460"}],"curies":[{"name":"wp","href":"https:\/\/api.w.org\/{rel}","templated":true}]}}

<div  class='flex_column av-av_one_full-2a9015ff38129c418a3f2eafba3e9512 av_one_full  avia-builder-el-0  avia-builder-el-no-sibling  first flex_column_div  '     ><p><section  class='av_textblock_section av-av_textblock-0366cc7376be6c9e82a3e9cc8987b64f '   itemscope="itemscope" itemtype="https://schema.org/CreativeWork" ><div class='avia_textblock'  itemprop="text" ><p>Der Deutsche Verein zur Erforschung Palästinas veröffentlicht entsprechend seinen Zielsetzungen wissenschaftliche Beiträge zur Landeskunde, Geschichte und Kultur Palästinas und seiner Nachbarländer.</p>
</div></section><br />

<style type="text/css" data-created_by="avia_inline_auto" id="style-css-av-av_iconlist-74f87b5a922141df2468418214328c97">
#top .avia-icon-list-container.av-av_iconlist-74f87b5a922141df2468418214328c97 .iconlist_icon{
background-color:#943634;
}
</style>
<div  class='avia-icon-list-container av-av_iconlist-74f87b5a922141df2468418214328c97  avia-builder-el-2  el_after_av_textblock  avia-builder-el-last '><ul class='avia-icon-list avia_animate_when_almost_visible avia-icon-list-left av-iconlist-big av-av_iconlist-74f87b5a922141df2468418214328c97 avia-iconlist-animate'>
<li><a href='https://www.palaestina-verein.de/wp/wordpress?page_id=452' title='Zeitschrift des Deutschen Palästina-Vereins'  class='iconlist_icon av-av_iconlist_item-941805173db193aa4ab4d884315138d1 avia-font-entypo-fontello avia-iconfont avia-font-entypo-fontello'><span class='av-icon-char' data-av_icon='' data-av_iconfont='entypo-fontello' aria-hidden="true"></span></a><article class="article-icon-entry "  itemscope="itemscope" itemtype="https://schema.org/CreativeWork" ><div class="iconlist_content_wrap"><header class="entry-content-header" aria-label="Icon: &lt;a href=&#039;https://www.palaestina-verein.de/wp/wordpress?page_id=452&#039; title=&#039;Zeitschrift des Deutschen Palästina-Vereins&#039;&gt;Zeitschrift des Deutschen Palästina-Vereins&lt;/a&gt;"><h4 class='av_iconlist_title iconlist_title  '  itemprop="headline" ><a href='https://www.palaestina-verein.de/wp/wordpress?page_id=452' title='Zeitschrift des Deutschen Palästina-Vereins'>Zeitschrift des Deutschen Palästina-Vereins</a></h4></header><div class='iconlist_content '  itemprop="text" ><p>Aufsätze, Berichte, Buchbesprechungen und Mitteilungen erscheinen in der Zeitschrift des Deutschen Palästina-Vereins (ZDPV), die in der Regel halbjährlich herausgegeben wird. Die ZDPV ist zugleich Organ des Deutschen Evangelischen Instituts für Altertumswissenschaft des Heiligen Landes.</p>
</div></div><footer class="entry-footer"></footer></article><div class="iconlist-timeline"></div></li>
<li><a href='https://www.palaestina-verein.de/wp/wordpress?page_id=469' title='Abhandlungen des Deutschen Palästina-Vereins'  class='iconlist_icon av-av_iconlist_item-99d8f88323194caf27bc29586fb34511 avia-font-entypo-fontello avia-iconfont avia-font-entypo-fontello'><span class='av-icon-char' data-av_icon='' data-av_iconfont='entypo-fontello' aria-hidden="true"></span></a><article class="article-icon-entry "  itemscope="itemscope" itemtype="https://schema.org/CreativeWork" ><div class="iconlist_content_wrap"><header class="entry-content-header" aria-label="Icon: &lt;a href=&#039;https://www.palaestina-verein.de/wp/wordpress?page_id=469&#039; title=&#039;Abhandlungen des Deutschen Palästina-Vereins&#039;&gt;Abhandlungen des Deutschen Palästina-Vereins&lt;/a&gt;"><h4 class='av_iconlist_title iconlist_title  '  itemprop="headline" ><a href='https://www.palaestina-verein.de/wp/wordpress?page_id=469' title='Abhandlungen des Deutschen Palästina-Vereins'>Abhandlungen des Deutschen Palästina-Vereins</a></h4></header><div class='iconlist_content '  itemprop="text" ><p>Seit 1969 werden in unregelmäßiger Folge auch Monographien in den Abhandlungen des Deutschen-Palästina-Vereins veröffentlicht.</p>
</div></div><footer class="entry-footer"></footer></article><div class="iconlist-timeline"></div></li>
</ul></div></p></div>
