{"id":465,"date":"2014-08-06T14:30:11","date_gmt":"2014-08-06T14:30:11","guid":{"rendered":"http:\/\/www.palaestina-verein.de\/wp\/wordpress\/?page_id=465"},"modified":"2016-01-19T23:01:14","modified_gmt":"2016-01-19T23:01:14","slug":"foerderung-beantragen","status":"publish","type":"page","link":"https:\/\/www.palaestina-verein.de\/wp\/wordpress?page_id=465","title":{"rendered":"F\u00f6rderung beantragen"},"content":{"rendered":"<div class=\"page\" title=\"Page 1\">\n<div class=\"layoutArea\">\n<div class=\"column\">\n<h5>F\u00f6rderung und Unterst\u00fctzung wissenschaftlicher Pal\u00e4stina-Forschungen durch den Deutschen Verein zur Erforschung Pal\u00e4stinas<\/h5>\n<p>Der Deutsche Verein zur Erforschung Pal\u00e4stinas (DPV) schreibt f\u00fcr das Jahr 2016 F\u00f6rdermittel in H\u00f6he von 5.000 Euro zur Durchf\u00fchrung von wissenschaftlichen Pal\u00e4stina-Forschungen aus.<\/p>\n<p>Die Mittel dienen der F\u00f6rderung und Unterst\u00fctzung von wissenschaftlichen Projekten mit hohem Stel- lenwert f\u00fcr die Erforschung Pal\u00e4stinas. Sie sollen bevorzugt Mitgliedern des DPV gew\u00e4hrt werden und vorzugsweise Nachwuchswissenschaftlerinnen und Nachwuchswissenschaftlern zugutekommen.<\/p>\n<p>Antr\u00e4ge auf Zuweisung der F\u00f6rdermittel k\u00f6nnen bis zum 31. M\u00e4rz 2016 eingereicht werden. Sie sind an den Vorsitzenden des DPV zu richten (Anschrift siehe unten).<\/p>\n<p>\u00dcber die Antr\u00e4ge entscheidet der Vorstand des DPV im April 2016. Dementsprechend k\u00f6nnen F\u00f6rder- ma\u00dfnahmen fr\u00fchestens im Mai 2016 beginnen. Sollte der Vorstand des DPV mehrere Antr\u00e4ge bewil- ligen, so wird die maximal zur Verf\u00fcgung stehende Summe von 5.000 Euro auf mehrere Projekte verteilt. Die bisher vergebenen F\u00f6rdersummen f\u00fcr einzelne Projekte lagen zwischen ca. 1.000 und 4.000 Euro (Ausschreibungen der Jahre 2005\u20132014).<\/p>\n<p>Folgende Einzelheiten gelten f\u00fcr die Ausschreibung:<\/p>\n<p>Ausschreibung und Entscheidung zur Bewilligung erfolgen vorbehaltlich der finanziellen Situation des DPV. Der Gerichtsweg ist ausgeschlossen. Wenn die Antragstellenden zu dem gleichen Projekt an anderer Stelle Gelder beantragen oder erhalten, ist dies dem DPV bei der Antragstellung mitzuteilen. Betrifft der Antrag den Teil eines \u00fcbergeordneten Gesamtprojektes, ist das Verh\u00e4ltnis von beantragtem Teil- zum Gesamtprojekt zu erl\u00e4utern.<\/p>\n<p>Nach Abschluss des gef\u00f6rderten Projektes sind dem Vorsitzenden ein Kurzbericht \u00fcber die geleistete Arbeit und eine Abrechnung zuzusenden. Gew\u00fcnscht wird eine Publikation der Forschungsergebnisse in der Zeitschrift des Deutschen Pal\u00e4stina-Vereins oder in den Abhandlungen des Deutschen Pal\u00e4sti- na-Vereins, gegebenenfalls auch auf der Homepage des DPV.<\/p>\n<p>F\u00f6rdermittel m\u00fcssen innerhalb von zwei Jahren nach der Bewilligung abgerufen und dann in weiteren zwei Jahren nach Abruf (mit den entsprechenden Belegen und Rechnungen) abgerechnet werden. Im Fall der Frist\u00fcberschreitung beim Abruf hat der Vorstand die M\u00f6glichkeit, die Bewilligung zur\u00fcckzu- nehmen. Im Fall der Frist\u00fcberschreitung bei der Abrechnung hat der Vorstand die M\u00f6glichkeit, die Gelder zur\u00fcckzufordern.<\/p>\n<p>Schriftliche Antr\u00e4ge auf Zuweisung der F\u00f6rdermittel des Jahres 2015 f\u00fcr das Jahr 2016 mit einer genauen Beschreibung und Begr\u00fcndung des Projektes, Angaben zur Person der Antragstellenden (und der am Projekt beteiligten Personen) sowie einer Aufstellung der veranschlagten bzw. beantragten Kosten sind in einem Umfang von maximal 10 DIN-A4-Seiten postalisch in einfacher Ausfertigung und elektronisch als pdf-attachment bis zum 31. M\u00e4rz 2016 an den Vorsitzenden des DPV zu richten. Es z\u00e4hlen der Poststempel und das Eingangsdatum der E-Mail.<\/p>\n<div class=\"page\" title=\"Page 1\">\n<div class=\"layoutArea\">\n<div class=\"column\">\n<p>30. Oktober 2015<br \/>\nF\u00fcr den Vorstand des DPV<\/p>\n<\/div>\n<div class=\"staff-member-listing president\"><div class=\"staff-member even \">\r\n<div  class='flex_column av-av_one_fifth-2a9015ff38129c418a3f2eafba3e9512 av_one_fifth first flex_column_div  '     ><p> <img decoding=\"async\" class=\"staff-member-photo\" src=\"https:\/\/www.palaestina-verein.de\/wp\/wordpress\/wp-content\/uploads\/kamlah.jpg\" alt=\"Prof. Dr. Jens Kamlah : Vorsitzender, Stellvertretender Schatzmeister\"><\/p><\/div>\r\n <div  class='flex_column av-av_two_fifth-1c47c10d9dd6b9bc0b68f292c1cf5942 av_two_fifth flex_column_div  '     ><p> <strong>Prof. Dr. Jens Kamlah<\/strong><br \/>\nVorsitzender, Stellvertretender Schatzmeister<br \/>\n<a href=\"mailto:&#106;&#101;ns&#046;&#107;amla&#104;&#064;un&#105;-tue&#098;&#105;&#110;&#103;&#101;n.&#100;e\" title=\"Email Prof. Dr. Jens Kamlah\">&#106;&#101;ns&#046;&#107;amla&#104;&#064;un&#105;-tue&#098;&#105;&#110;&#103;&#101;n.&#100;e<\/a><\/p><\/div>\r\n<div  class='flex_column av-av_two_fifth-1c47c10d9dd6b9bc0b68f292c1cf5942 av_two_fifth flex_column_div  '     ><p> <a title=\"Universit\u00e4t T\u00fcbingen\" href=\"http:\/\/www.uni-tuebingen.de\" target=\"_blank\" rel=\"noopener\">Universit\u00e4t T\u00fcbingen<br \/>\n<\/a>Biblisch-Arch\u00e4ologisches Institut<br \/>\nLiebermeisterstra\u00dfe 12-14<br \/>\nD-72076 T\u00fcbingen<br \/>\nFax: +49\/(0)7071\/29-5433 <\/p><\/div>\r\n<\/div> <!-- Close staff-member --><div class=\"staff-member odd  last\">\r\n<div  class='flex_column av-av_one_fifth-2a9015ff38129c418a3f2eafba3e9512 av_one_fifth first flex_column_div  '     ><p> <img decoding=\"async\" class=\"staff-member-photo\" src=\"https:\/\/www.palaestina-verein.de\/wp\/wordpress\/wp-content\/uploads\/Bild-Schmidt.jpg\" alt=\"Prof. Dr. Katharina Schmidt : Vorsitzende, Internationale Beziehungen\"><\/p><\/div>\r\n <div  class='flex_column av-av_two_fifth-1c47c10d9dd6b9bc0b68f292c1cf5942 av_two_fifth flex_column_div  '     ><p> <strong>Prof. Dr. Katharina Schmidt<\/strong><br \/>\nVorsitzende, Internationale Beziehungen<br \/>\n<a href=\"mailto:kath&#097;rina&#115;&#099;&#104;&#109;&#105;&#100;&#116;&#064;&#117;ni-muens&#116;&#101;&#114;&#046;&#100;e\" title=\"Email Prof. Dr. Katharina Schmidt\">kath&#097;rina&#115;&#099;&#104;&#109;&#105;&#100;&#116;&#064;&#117;ni-muens&#116;&#101;&#114;&#046;&#100;e<\/a><\/p><\/div>\r\n<div  class='flex_column av-av_two_fifth-1c47c10d9dd6b9bc0b68f292c1cf5942 av_two_fifth flex_column_div  '     ><p> <a title=\"Deutsches Evangelisches Institut f\u00fcr Altertumswissenschaft des Heiligen Landes Amman\" href=\"https:\/\/www.deiahl.de\">Universtit\u00e4t M\u00fcnster<\/a><br \/>\nJuniorprofessorin f\u00fcr Biblische Arch\u00e4ologie\/ Arch\u00e4ologie der Levante<br \/>\nAlttestamentliches Seminar<br \/>\nUniversit\u00e4tsstr. 13-17<br \/>\n48143 M\u00fcnster<\/p>\n<p><a href=\"https:\/\/www.dainst.org\">Deutsches Arch\u00e4ologisches Institut<\/a><br \/>\nWissenschaftliche Referentin f\u00fcr Biblische Arch\u00e4ologie\/ Arch\u00e4ologie der Levante<br \/>\nPr\u00e4sidialbereich<br \/>\nPodbielskiallee 69-71<br \/>\n14195 Berlin <\/p><\/div>\r\n<\/div> <!-- Close staff-member --><\/div> <!-- Close staff-member-listing -->\n<\/div>\n<\/div>\n<\/div>\n<\/div>\n<\/div>\n","protected":false},"excerpt":{"rendered":"<p>F\u00f6rderung und Unterst\u00fctzung wissenschaftlicher Pal\u00e4stina-Forschungen durch den Deutschen Verein zur Erforschung Pal\u00e4stinas Der Deutsche Verein zur Erforschung Pal\u00e4stinas (DPV) schreibt f\u00fcr das Jahr 2016 F\u00f6rdermittel in H\u00f6he von 5.000 Euro zur Durchf\u00fchrung von wissenschaftlichen Pal\u00e4stina-Forschungen aus. Die Mittel dienen der F\u00f6rderung und Unterst\u00fctzung von wissenschaftlichen Projekten mit hohem Stel- lenwert f\u00fcr die Erforschung Pal\u00e4stinas. Sie [&hellip;]<\/p>\n","protected":false},"author":6,"featured_media":0,"parent":441,"menu_order":2,"comment_status":"closed","ping_status":"closed","template":"","meta":{"_bbp_topic_count":0,"_bbp_reply_count":0,"_bbp_total_topic_count":0,"_bbp_total_reply_count":0,"_bbp_voice_count":0,"_bbp_anonymous_reply_count":0,"_bbp_topic_count_hidden":0,"_bbp_reply_count_hidden":0,"_bbp_forum_subforum_count":0,"footnotes":""},"class_list":["post-465","page","type-page","status-publish","hentry"],"_links":{"self":[{"href":"https:\/\/www.palaestina-verein.de\/wp\/wordpress\/index.php?rest_route=\/wp\/v2\/pages\/465","targetHints":{"allow":["GET"]}}],"collection":[{"href":"https:\/\/www.palaestina-verein.de\/wp\/wordpress\/index.php?rest_route=\/wp\/v2\/pages"}],"about":[{"href":"https:\/\/www.palaestina-verein.de\/wp\/wordpress\/index.php?rest_route=\/wp\/v2\/types\/page"}],"author":[{"embeddable":true,"href":"https:\/\/www.palaestina-verein.de\/wp\/wordpress\/index.php?rest_route=\/wp\/v2\/users\/6"}],"replies":[{"embeddable":true,"href":"https:\/\/www.palaestina-verein.de\/wp\/wordpress\/index.php?rest_route=%2Fwp%2Fv2%2Fcomments&post=465"}],"version-history":[{"count":9,"href":"https:\/\/www.palaestina-verein.de\/wp\/wordpress\/index.php?rest_route=\/wp\/v2\/pages\/465\/revisions"}],"predecessor-version":[{"id":2902,"href":"https:\/\/www.palaestina-verein.de\/wp\/wordpress\/index.php?rest_route=\/wp\/v2\/pages\/465\/revisions\/2902"}],"up":[{"embeddable":true,"href":"https:\/\/www.palaestina-verein.de\/wp\/wordpress\/index.php?rest_route=\/wp\/v2\/pages\/441"}],"wp:attachment":[{"href":"https:\/\/www.palaestina-verein.de\/wp\/wordpress\/index.php?rest_route=%2Fwp%2Fv2%2Fmedia&parent=465"}],"curies":[{"name":"wp","href":"https:\/\/api.w.org\/{rel}","templated":true}]}}

Förderung beantragen

<div class="page" title="Page 1">
<div class="layoutArea">
<div class="column">
<h5>Förderung und Unterstützung wissenschaftlicher Palästina-Forschungen durch den Deutschen Verein zur Erforschung Palästinas</h5>
<p>Der Deutsche Verein zur Erforschung Palästinas (DPV) schreibt für das Jahr 2016 Fördermittel in Höhe von 5.000 Euro zur Durchführung von wissenschaftlichen Palästina-Forschungen aus.</p>
<p>Die Mittel dienen der Förderung und Unterstützung von wissenschaftlichen Projekten mit hohem Stel- lenwert für die Erforschung Palästinas. Sie sollen bevorzugt Mitgliedern des DPV gewährt werden und vorzugsweise Nachwuchswissenschaftlerinnen und Nachwuchswissenschaftlern zugutekommen.</p>
<p>Anträge auf Zuweisung der Fördermittel können bis zum 31. März 2016 eingereicht werden. Sie sind an den Vorsitzenden des DPV zu richten (Anschrift siehe unten).</p>
<p>Über die Anträge entscheidet der Vorstand des DPV im April 2016. Dementsprechend können Förder- maßnahmen frühestens im Mai 2016 beginnen. Sollte der Vorstand des DPV mehrere Anträge bewil- ligen, so wird die maximal zur Verfügung stehende Summe von 5.000 Euro auf mehrere Projekte verteilt. Die bisher vergebenen Fördersummen für einzelne Projekte lagen zwischen ca. 1.000 und 4.000 Euro (Ausschreibungen der Jahre 2005–2014).</p>
<p>Folgende Einzelheiten gelten für die Ausschreibung:</p>
<p>Ausschreibung und Entscheidung zur Bewilligung erfolgen vorbehaltlich der finanziellen Situation des DPV. Der Gerichtsweg ist ausgeschlossen. Wenn die Antragstellenden zu dem gleichen Projekt an anderer Stelle Gelder beantragen oder erhalten, ist dies dem DPV bei der Antragstellung mitzuteilen. Betrifft der Antrag den Teil eines übergeordneten Gesamtprojektes, ist das Verhältnis von beantragtem Teil- zum Gesamtprojekt zu erläutern.</p>
<p>Nach Abschluss des geförderten Projektes sind dem Vorsitzenden ein Kurzbericht über die geleistete Arbeit und eine Abrechnung zuzusenden. Gewünscht wird eine Publikation der Forschungsergebnisse in der Zeitschrift des Deutschen Palästina-Vereins oder in den Abhandlungen des Deutschen Palästi- na-Vereins, gegebenenfalls auch auf der Homepage des DPV.</p>
<p>Fördermittel müssen innerhalb von zwei Jahren nach der Bewilligung abgerufen und dann in weiteren zwei Jahren nach Abruf (mit den entsprechenden Belegen und Rechnungen) abgerechnet werden. Im Fall der Fristüberschreitung beim Abruf hat der Vorstand die Möglichkeit, die Bewilligung zurückzu- nehmen. Im Fall der Fristüberschreitung bei der Abrechnung hat der Vorstand die Möglichkeit, die Gelder zurückzufordern.</p>
<p>Schriftliche Anträge auf Zuweisung der Fördermittel des Jahres 2015 für das Jahr 2016 mit einer genauen Beschreibung und Begründung des Projektes, Angaben zur Person der Antragstellenden (und der am Projekt beteiligten Personen) sowie einer Aufstellung der veranschlagten bzw. beantragten Kosten sind in einem Umfang von maximal 10 DIN-A4-Seiten postalisch in einfacher Ausfertigung und elektronisch als pdf-attachment bis zum 31. März 2016 an den Vorsitzenden des DPV zu richten. Es zählen der Poststempel und das Eingangsdatum der E-Mail.</p>
<div class="page" title="Page 1">
<div class="layoutArea">
<div class="column">
<p>30. Oktober 2015<br />
Für den Vorstand des DPV</p>
</div>
<div class="staff-member-listing president"><div class="staff-member even ">
<div  class='flex_column av-av_one_fifth-2a9015ff38129c418a3f2eafba3e9512 av_one_fifth first flex_column_div  '     ><p> <img decoding="async" class="staff-member-photo" src="https://www.palaestina-verein.de/wp/wordpress/wp-content/uploads/kamlah.jpg" alt="Prof. Dr. Jens Kamlah : Vorsitzender, Stellvertretender Schatzmeister"></p></div>
 <div  class='flex_column av-av_two_fifth-1c47c10d9dd6b9bc0b68f292c1cf5942 av_two_fifth flex_column_div  '     ><p> <strong>Prof. Dr. Jens Kamlah</strong><br />
Vorsitzender, Stellvertretender Schatzmeister<br />
<a href="mailto:&#106;&#101;ns&#046;&#107;amla&#104;&#064;un&#105;-tue&#098;&#105;&#110;&#103;&#101;n.&#100;e" title="Email Prof. Dr. Jens Kamlah">&#106;&#101;ns&#046;&#107;amla&#104;&#064;un&#105;-tue&#098;&#105;&#110;&#103;&#101;n.&#100;e</a></p></div>
<div  class='flex_column av-av_two_fifth-1c47c10d9dd6b9bc0b68f292c1cf5942 av_two_fifth flex_column_div  '     ><p> <a title="Universität Tübingen" href="http://www.uni-tuebingen.de" target="_blank" rel="noopener">Universität Tübingen<br />
</a>Biblisch-Archäologisches Institut<br />
Liebermeisterstraße 12-14<br />
D-72076 Tübingen<br />
Fax: +49/(0)7071/29-5433 </p></div>
</div> <!-- Close staff-member --><div class="staff-member odd  last">
<div  class='flex_column av-av_one_fifth-2a9015ff38129c418a3f2eafba3e9512 av_one_fifth first flex_column_div  '     ><p> <img decoding="async" class="staff-member-photo" src="https://www.palaestina-verein.de/wp/wordpress/wp-content/uploads/Bild-Schmidt.jpg" alt="Prof. Dr. Katharina Schmidt : Vorsitzende, Internationale Beziehungen"></p></div>
 <div  class='flex_column av-av_two_fifth-1c47c10d9dd6b9bc0b68f292c1cf5942 av_two_fifth flex_column_div  '     ><p> <strong>Prof. Dr. Katharina Schmidt</strong><br />
Vorsitzende, Internationale Beziehungen<br />
<a href="mailto:kath&#097;rina&#115;&#099;&#104;&#109;&#105;&#100;&#116;&#064;&#117;ni-muens&#116;&#101;&#114;&#046;&#100;e" title="Email Prof. Dr. Katharina Schmidt">kath&#097;rina&#115;&#099;&#104;&#109;&#105;&#100;&#116;&#064;&#117;ni-muens&#116;&#101;&#114;&#046;&#100;e</a></p></div>
<div  class='flex_column av-av_two_fifth-1c47c10d9dd6b9bc0b68f292c1cf5942 av_two_fifth flex_column_div  '     ><p> <a title="Deutsches Evangelisches Institut für Altertumswissenschaft des Heiligen Landes Amman" href="https://www.deiahl.de">Universtität Münster</a><br />
Juniorprofessorin für Biblische Archäologie/ Archäologie der Levante<br />
Alttestamentliches Seminar<br />
Universitätsstr. 13-17<br />
48143 Münster</p>
<p><a href="https://www.dainst.org">Deutsches Archäologisches Institut</a><br />
Wissenschaftliche Referentin für Biblische Archäologie/ Archäologie der Levante<br />
Präsidialbereich<br />
Podbielskiallee 69-71<br />
14195 Berlin </p></div>
</div> <!-- Close staff-member --></div> <!-- Close staff-member-listing -->
</div>
</div>
</div>
</div>
</div>

<p>Förderung und Unterstützung wissenschaftlicher Palästina-Forschungen durch den Deutschen Verein zur Erforschung Palästinas Der Deutsche Verein zur Erforschung Palästinas (DPV) schreibt für das Jahr 2016 Fördermittel in Höhe von 5.000 Euro zur Durchführung von wissenschaftlichen Palästina-Forschungen aus. Die Mittel dienen der Förderung und Unterstützung von wissenschaftlichen Projekten mit hohem Stel- lenwert für die Erforschung Palästinas. Sie [&hellip;]</p>
