{"id":1527,"date":"2014-10-23T09:52:57","date_gmt":"2014-10-23T09:52:57","guid":{"rendered":"http:\/\/www.palaestina-verein.de\/wp\/wordpress\/?post_type=portfolio&#038;p=1527"},"modified":"2014-12-05T12:47:38","modified_gmt":"2014-12-05T12:47:38","slug":"1527","status":"publish","type":"portfolio","link":"https:\/\/www.palaestina-verein.de\/wp\/wordpress?portfolio=1527","title":{"rendered":"ZDPV 69 (1953)"},"content":{"rendered":"<section  class='av_textblock_section av-av_textblock-0366cc7376be6c9e82a3e9cc8987b64f '   itemscope=\"itemscope\" itemtype=\"https:\/\/schema.org\/CreativeWork\" ><div class='avia_textblock'  itemprop=\"text\" ><h3>Inhalt von ZDPV\u00a069 (1953)<\/h3>\n<p><a href=\"https:\/\/www.palaestina-verein.de\/wp\/wordpress\/wp-content\/uploads\/Inhalt_zdpv069.pdf\" target=\"_blank\">Inhaltsverzeichnis als PDF herunterladen<\/a><\/p>\n<h5>Aufs\u00e4tze<\/h5>\n<\/div><\/section>\n<div  class='av-catalogue-container av-av_catalogue-b9e70f6e4578d5e2420f366d65fb6876  avia-builder-el-1  el_after_av_textblock  el_before_av_textblock '><ul class='av-catalogue-list'>\n<li><div class='av-catalogue-item av-av_catalogue_item-8e56707c071e6508c461f38c54f8bf28' ><div class=\"av-catalogue-item-inner\"><div class=\"av-catalogue-title-container\"><div class='av-catalogue-title'>Alt. Prof. D. A.<\/div><div class='av-catalogue-price'>1<\/div><\/div><div class=\"av-catalogue-content\">\n<p>Neue Erw\u00e4gungen \u00fcber die Lage von Mizpa, Ataroth,\u00a0Beeroth und Gibeon<\/p>\n<\/div><\/div><\/div><\/li>\n<li><div class='av-catalogue-item av-av_catalogue_item-1fdbe33ff7753636dc3c186b86cde22b' ><div class=\"av-catalogue-item-inner\"><div class=\"av-catalogue-title-container\"><div class='av-catalogue-title'><\/div><div class='av-catalogue-price'>65<\/div><\/div><div class=\"av-catalogue-content\">\n<p>Psalton und Idiota<\/p>\n<\/div><\/div><\/div><\/li>\n<li><div class='av-catalogue-item av-av_catalogue_item-b2cbd7aaae533fc9738b540134ada483' ><div class=\"av-catalogue-item-inner\"><div class=\"av-catalogue-title-container\"><div class='av-catalogue-title'>Beyer, Pfr. Lic. G.<\/div><div class='av-catalogue-price'>75<\/div><\/div><div class=\"av-catalogue-content\">\n<p>Civitas Ficuum<\/p>\n<\/div><\/div><\/div><\/li>\n<li><div class='av-catalogue-item av-av_catalogue_item-9b074fc223d86635263a49ad8a01d90a' ><div class=\"av-catalogue-item-inner\"><div class=\"av-catalogue-title-container\"><div class='av-catalogue-title'>Edel. Dr. E.<\/div><div class='av-catalogue-price'>97<\/div><\/div><div class=\"av-catalogue-content\">\n<p>Die Stelen Amenophis&#8216; II. aus Karnak und Memphis mit dem\u00a0Bericht \u00fcber die asiatischen Feldz\u00fcge des K\u00f6nigs<\/p>\n<\/div><\/div><\/div><\/li>\n<li><div class='av-catalogue-item av-av_catalogue_item-e3e0c3f5c584df813afcb87c3c36201a' ><div class=\"av-catalogue-item-inner\"><div class=\"av-catalogue-title-container\"><div class='av-catalogue-title'>Galling, Prof. D. Dr. K.<\/div><div class='av-catalogue-price'>42<\/div><\/div><div class=\"av-catalogue-content\">\n<p>Von Naboned zu Darius. Studien zur chald\u00e4ischen\u00a0und persischen Geschichte<\/p>\n<\/div><\/div><\/div><\/li>\n<li><div class='av-catalogue-item av-av_catalogue_item-646ccf4fa6a290668612ddc2dda41a69' ><div class=\"av-catalogue-item-inner\"><div class=\"av-catalogue-title-container\"><div class='av-catalogue-title'>Hertzberg, Prof. D. H. W.<\/div><div class='av-catalogue-price'>177<\/div><\/div><div class=\"av-catalogue-content\">\n<p>&#8222;Gr\u00fcne&#8220; Pferde<\/p>\n<\/div><\/div><\/div><\/li>\n<li><div class='av-catalogue-item av-av_catalogue_item-4818585ac1807d5b4303b97d22088adb' ><div class=\"av-catalogue-item-inner\"><div class=\"av-catalogue-title-container\"><div class='av-catalogue-title'>Noth, Prof. D. M.<\/div><div class='av-catalogue-price'>28<\/div><\/div><div class=\"av-catalogue-content\">\n<p>Jabes-Gilead. Ein Beitrag zur Methode alttestamentlicher\u00a0Topographie<\/p>\n<\/div><\/div><\/div><\/li>\n<\/ul><\/div>\n<section  class='av_textblock_section av-av_textblock-0366cc7376be6c9e82a3e9cc8987b64f '   itemscope=\"itemscope\" itemtype=\"https:\/\/schema.org\/CreativeWork\" ><div class='avia_textblock'  itemprop=\"text\" ><h3><\/h3>\n<h5>Berichte<\/h5>\n<\/div><\/section>\n<div  class='av-catalogue-container av-av_catalogue-b9e70f6e4578d5e2420f366d65fb6876  avia-builder-el-3  el_after_av_textblock  el_before_av_textblock '><ul class='av-catalogue-list'>\n<li><div class='av-catalogue-item av-av_catalogue_item-5d88f995b09bf04e45f17bb11d77e564' ><div class=\"av-catalogue-item-inner\"><div class=\"av-catalogue-title-container\"><div class='av-catalogue-title'><\/div><div class='av-catalogue-price'>88.181<\/div><\/div><div class=\"av-catalogue-content\">\n<p>Arch\u00e4ologisch-historische Ergebnisse einer Reise in Syrien und Liban im\u00a0Sp\u00e4therbst 1952. Von Prof. D. Dr. K. Galling<\/p>\n<\/div><\/div><\/div><\/li>\n<\/ul><\/div>\n<section  class='av_textblock_section av-av_textblock-0366cc7376be6c9e82a3e9cc8987b64f '   itemscope=\"itemscope\" itemtype=\"https:\/\/schema.org\/CreativeWork\" ><div class='avia_textblock'  itemprop=\"text\" ><h3><\/h3>\n<h5>B\u00fccherbesprechungen<\/h5>\n<\/div><\/section>\n<div  class='av-catalogue-container av-av_catalogue-b9e70f6e4578d5e2420f366d65fb6876  avia-builder-el-5  el_after_av_textblock  el_before_av_textblock '><ul class='av-catalogue-list'>\n<li><div class='av-catalogue-item av-av_catalogue_item-3ec995d165a7799881dfb15549a80fbe' ><div class=\"av-catalogue-item-inner\"><div class=\"av-catalogue-title-container\"><div class='av-catalogue-title'><\/div><div class='av-catalogue-price'>94<\/div><\/div><div class=\"av-catalogue-content\">\n<p>Abel. F.-M., Histoire de la Palestine depuis la conqu\u00eate d&#8217;Alexandre jusqu&#8216; \u00e0 l&#8217;invasion Arabe I\/II (rez. M. Noth)<\/p>\n<\/div><\/div><\/div><\/li>\n<li><div class='av-catalogue-item av-av_catalogue_item-a993116922c9506534b8482baeb1d20f' ><div class=\"av-catalogue-item-inner\"><div class=\"av-catalogue-title-container\"><div class='av-catalogue-title'><\/div><div class='av-catalogue-price'>192<\/div><\/div><div class=\"av-catalogue-content\">\n<p>Bulletin of the American Schools of Oriental Research. Supplementary Studies Nr. 10\u201312 und Nr. 15\/16 (rez. M. Noth)<\/p>\n<\/div><\/div><\/div><\/li>\n<li><div class='av-catalogue-item av-av_catalogue_item-5f642ccc514d8a861f3773a48716a7ef' ><div class=\"av-catalogue-item-inner\"><div class=\"av-catalogue-title-container\"><div class='av-catalogue-title'><\/div><div class='av-catalogue-price'>188<\/div><\/div><div class=\"av-catalogue-content\">\n<p>Jeremias, J., Die Abendmahlsworte Jesu. 2. Aufl. (rez. PH. Vielhauer)<\/p>\n<\/div><\/div><\/div><\/li>\n<li><div class='av-catalogue-item av-av_catalogue_item-c9ab2080e61e64238e70c770f882941d' ><div class=\"av-catalogue-item-inner\"><div class=\"av-catalogue-title-container\"><div class='av-catalogue-title'><\/div><div class='av-catalogue-price'>191<\/div><\/div><div class=\"av-catalogue-content\">\n<p>Vriezen, Th. C., Palestina en Israel (rez. M. Noth)<\/p>\n<\/div><\/div><\/div><\/li>\n<\/ul><\/div>\n<section  class='av_textblock_section av-av_textblock-0366cc7376be6c9e82a3e9cc8987b64f '   itemscope=\"itemscope\" itemtype=\"https:\/\/schema.org\/CreativeWork\" ><div class='avia_textblock'  itemprop=\"text\" ><h5>Mitteilungen des Deutschen Vereins zur Erforschung Pal\u00e4stinas<\/h5>\n<\/div><\/section>\n<div  class='av-catalogue-container av-av_catalogue-b9e70f6e4578d5e2420f366d65fb6876  avia-builder-el-7  el_after_av_textblock  avia-builder-el-last '><ul class='av-catalogue-list'>\n<li><div class='av-catalogue-item av-av_catalogue_item-2469532a89f86643e29be1ab25d44b0d' ><div class=\"av-catalogue-item-inner\"><div class=\"av-catalogue-title-container\"><div class='av-catalogue-title'><\/div><div class='av-catalogue-price'>96<\/div><\/div><div class=\"av-catalogue-content\">\n<p>Gesch\u00e4ftsbericht<\/p>\n<\/div><\/div><\/div><\/li>\n<li><div class='av-catalogue-item av-av_catalogue_item-a993116922c9506534b8482baeb1d20f' ><div class=\"av-catalogue-item-inner\"><div class=\"av-catalogue-title-container\"><div class='av-catalogue-title'><\/div><div class='av-catalogue-price'>192<\/div><\/div><div class=\"av-catalogue-content\">\n<p>Einladung zur Mitgliederversammlung<\/p>\n<\/div><\/div><\/div><\/li>\n<\/ul><\/div>\n","protected":false},"excerpt":{"rendered":"","protected":false},"author":6,"featured_media":0,"comment_status":"closed","ping_status":"closed","template":"","meta":{"_bbp_topic_count":0,"_bbp_reply_count":0,"_bbp_total_topic_count":0,"_bbp_total_reply_count":0,"_bbp_voice_count":0,"_bbp_anonymous_reply_count":0,"_bbp_topic_count_hidden":0,"_bbp_reply_count_hidden":0,"_bbp_forum_subforum_count":0,"footnotes":""},"tags":[],"portfolio_entries":[41],"class_list":["post-1527","portfolio","type-portfolio","status-publish","hentry","portfolio_entries-zdpv"],"_links":{"self":[{"href":"https:\/\/www.palaestina-verein.de\/wp\/wordpress\/index.php?rest_route=\/wp\/v2\/portfolio\/1527","targetHints":{"allow":["GET"]}}],"collection":[{"href":"https:\/\/www.palaestina-verein.de\/wp\/wordpress\/index.php?rest_route=\/wp\/v2\/portfolio"}],"about":[{"href":"https:\/\/www.palaestina-verein.de\/wp\/wordpress\/index.php?rest_route=\/wp\/v2\/types\/portfolio"}],"author":[{"embeddable":true,"href":"https:\/\/www.palaestina-verein.de\/wp\/wordpress\/index.php?rest_route=\/wp\/v2\/users\/6"}],"replies":[{"embeddable":true,"href":"https:\/\/www.palaestina-verein.de\/wp\/wordpress\/index.php?rest_route=%2Fwp%2Fv2%2Fcomments&post=1527"}],"version-history":[{"count":2,"href":"https:\/\/www.palaestina-verein.de\/wp\/wordpress\/index.php?rest_route=\/wp\/v2\/portfolio\/1527\/revisions"}],"predecessor-version":[{"id":1528,"href":"https:\/\/www.palaestina-verein.de\/wp\/wordpress\/index.php?rest_route=\/wp\/v2\/portfolio\/1527\/revisions\/1528"}],"wp:attachment":[{"href":"https:\/\/www.palaestina-verein.de\/wp\/wordpress\/index.php?rest_route=%2Fwp%2Fv2%2Fmedia&parent=1527"}],"wp:term":[{"taxonomy":"post_tag","embeddable":true,"href":"https:\/\/www.palaestina-verein.de\/wp\/wordpress\/index.php?rest_route=%2Fwp%2Fv2%2Ftags&post=1527"},{"taxonomy":"portfolio_entries","embeddable":true,"href":"https:\/\/www.palaestina-verein.de\/wp\/wordpress\/index.php?rest_route=%2Fwp%2Fv2%2Fportfolio_entries&post=1527"}],"curies":[{"name":"wp","href":"https:\/\/api.w.org\/{rel}","templated":true}]}}

<section  class='av_textblock_section av-av_textblock-0366cc7376be6c9e82a3e9cc8987b64f '   itemscope="itemscope" itemtype="https://schema.org/CreativeWork" ><div class='avia_textblock'  itemprop="text" ><h3>Inhalt von ZDPV 69 (1953)</h3>
<p><a href="https://www.palaestina-verein.de/wp/wordpress/wp-content/uploads/Inhalt_zdpv069.pdf" target="_blank">Inhaltsverzeichnis als PDF herunterladen</a></p>
<h5>Aufsätze</h5>
</div></section>
<div  class='av-catalogue-container av-av_catalogue-b9e70f6e4578d5e2420f366d65fb6876  avia-builder-el-1  el_after_av_textblock  el_before_av_textblock '><ul class='av-catalogue-list'>
<li><div class='av-catalogue-item av-av_catalogue_item-8e56707c071e6508c461f38c54f8bf28' ><div class="av-catalogue-item-inner"><div class="av-catalogue-title-container"><div class='av-catalogue-title'>Alt. Prof. D. A.</div><div class='av-catalogue-price'>1</div></div><div class="av-catalogue-content">
<p>Neue Erwägungen über die Lage von Mizpa, Ataroth, Beeroth und Gibeon</p>
</div></div></div></li>
<li><div class='av-catalogue-item av-av_catalogue_item-1fdbe33ff7753636dc3c186b86cde22b' ><div class="av-catalogue-item-inner"><div class="av-catalogue-title-container"><div class='av-catalogue-title'></div><div class='av-catalogue-price'>65</div></div><div class="av-catalogue-content">
<p>Psalton und Idiota</p>
</div></div></div></li>
<li><div class='av-catalogue-item av-av_catalogue_item-b2cbd7aaae533fc9738b540134ada483' ><div class="av-catalogue-item-inner"><div class="av-catalogue-title-container"><div class='av-catalogue-title'>Beyer, Pfr. Lic. G.</div><div class='av-catalogue-price'>75</div></div><div class="av-catalogue-content">
<p>Civitas Ficuum</p>
</div></div></div></li>
<li><div class='av-catalogue-item av-av_catalogue_item-9b074fc223d86635263a49ad8a01d90a' ><div class="av-catalogue-item-inner"><div class="av-catalogue-title-container"><div class='av-catalogue-title'>Edel. Dr. E.</div><div class='av-catalogue-price'>97</div></div><div class="av-catalogue-content">
<p>Die Stelen Amenophis&#8216; II. aus Karnak und Memphis mit dem Bericht über die asiatischen Feldzüge des Königs</p>
</div></div></div></li>
<li><div class='av-catalogue-item av-av_catalogue_item-e3e0c3f5c584df813afcb87c3c36201a' ><div class="av-catalogue-item-inner"><div class="av-catalogue-title-container"><div class='av-catalogue-title'>Galling, Prof. D. Dr. K.</div><div class='av-catalogue-price'>42</div></div><div class="av-catalogue-content">
<p>Von Naboned zu Darius. Studien zur chaldäischen und persischen Geschichte</p>
</div></div></div></li>
<li><div class='av-catalogue-item av-av_catalogue_item-646ccf4fa6a290668612ddc2dda41a69' ><div class="av-catalogue-item-inner"><div class="av-catalogue-title-container"><div class='av-catalogue-title'>Hertzberg, Prof. D. H. W.</div><div class='av-catalogue-price'>177</div></div><div class="av-catalogue-content">
<p>&#8222;Grüne&#8220; Pferde</p>
</div></div></div></li>
<li><div class='av-catalogue-item av-av_catalogue_item-4818585ac1807d5b4303b97d22088adb' ><div class="av-catalogue-item-inner"><div class="av-catalogue-title-container"><div class='av-catalogue-title'>Noth, Prof. D. M.</div><div class='av-catalogue-price'>28</div></div><div class="av-catalogue-content">
<p>Jabes-Gilead. Ein Beitrag zur Methode alttestamentlicher Topographie</p>
</div></div></div></li>
</ul></div>
<section  class='av_textblock_section av-av_textblock-0366cc7376be6c9e82a3e9cc8987b64f '   itemscope="itemscope" itemtype="https://schema.org/CreativeWork" ><div class='avia_textblock'  itemprop="text" ><h3></h3>
<h5>Berichte</h5>
</div></section>
<div  class='av-catalogue-container av-av_catalogue-b9e70f6e4578d5e2420f366d65fb6876  avia-builder-el-3  el_after_av_textblock  el_before_av_textblock '><ul class='av-catalogue-list'>
<li><div class='av-catalogue-item av-av_catalogue_item-5d88f995b09bf04e45f17bb11d77e564' ><div class="av-catalogue-item-inner"><div class="av-catalogue-title-container"><div class='av-catalogue-title'></div><div class='av-catalogue-price'>88.181</div></div><div class="av-catalogue-content">
<p>Archäologisch-historische Ergebnisse einer Reise in Syrien und Liban im Spätherbst 1952. Von Prof. D. Dr. K. Galling</p>
</div></div></div></li>
</ul></div>
<section  class='av_textblock_section av-av_textblock-0366cc7376be6c9e82a3e9cc8987b64f '   itemscope="itemscope" itemtype="https://schema.org/CreativeWork" ><div class='avia_textblock'  itemprop="text" ><h3></h3>
<h5>Bücherbesprechungen</h5>
</div></section>
<div  class='av-catalogue-container av-av_catalogue-b9e70f6e4578d5e2420f366d65fb6876  avia-builder-el-5  el_after_av_textblock  el_before_av_textblock '><ul class='av-catalogue-list'>
<li><div class='av-catalogue-item av-av_catalogue_item-3ec995d165a7799881dfb15549a80fbe' ><div class="av-catalogue-item-inner"><div class="av-catalogue-title-container"><div class='av-catalogue-title'></div><div class='av-catalogue-price'>94</div></div><div class="av-catalogue-content">
<p>Abel. F.-M., Histoire de la Palestine depuis la conquête d&#8217;Alexandre jusqu&#8216; à l&#8217;invasion Arabe I/II (rez. M. Noth)</p>
</div></div></div></li>
<li><div class='av-catalogue-item av-av_catalogue_item-a993116922c9506534b8482baeb1d20f' ><div class="av-catalogue-item-inner"><div class="av-catalogue-title-container"><div class='av-catalogue-title'></div><div class='av-catalogue-price'>192</div></div><div class="av-catalogue-content">
<p>Bulletin of the American Schools of Oriental Research. Supplementary Studies Nr. 10–12 und Nr. 15/16 (rez. M. Noth)</p>
</div></div></div></li>
<li><div class='av-catalogue-item av-av_catalogue_item-5f642ccc514d8a861f3773a48716a7ef' ><div class="av-catalogue-item-inner"><div class="av-catalogue-title-container"><div class='av-catalogue-title'></div><div class='av-catalogue-price'>188</div></div><div class="av-catalogue-content">
<p>Jeremias, J., Die Abendmahlsworte Jesu. 2. Aufl. (rez. PH. Vielhauer)</p>
</div></div></div></li>
<li><div class='av-catalogue-item av-av_catalogue_item-c9ab2080e61e64238e70c770f882941d' ><div class="av-catalogue-item-inner"><div class="av-catalogue-title-container"><div class='av-catalogue-title'></div><div class='av-catalogue-price'>191</div></div><div class="av-catalogue-content">
<p>Vriezen, Th. C., Palestina en Israel (rez. M. Noth)</p>
</div></div></div></li>
</ul></div>
<section  class='av_textblock_section av-av_textblock-0366cc7376be6c9e82a3e9cc8987b64f '   itemscope="itemscope" itemtype="https://schema.org/CreativeWork" ><div class='avia_textblock'  itemprop="text" ><h5>Mitteilungen des Deutschen Vereins zur Erforschung Palästinas</h5>
</div></section>
<div  class='av-catalogue-container av-av_catalogue-b9e70f6e4578d5e2420f366d65fb6876  avia-builder-el-7  el_after_av_textblock  avia-builder-el-last '><ul class='av-catalogue-list'>
<li><div class='av-catalogue-item av-av_catalogue_item-2469532a89f86643e29be1ab25d44b0d' ><div class="av-catalogue-item-inner"><div class="av-catalogue-title-container"><div class='av-catalogue-title'></div><div class='av-catalogue-price'>96</div></div><div class="av-catalogue-content">
<p>Geschäftsbericht</p>
</div></div></div></li>
<li><div class='av-catalogue-item av-av_catalogue_item-a993116922c9506534b8482baeb1d20f' ><div class="av-catalogue-item-inner"><div class="av-catalogue-title-container"><div class='av-catalogue-title'></div><div class='av-catalogue-price'>192</div></div><div class="av-catalogue-content">
<p>Einladung zur Mitgliederversammlung</p>
</div></div></div></li>
</ul></div>
