{"id":1579,"date":"2014-10-24T12:00:40","date_gmt":"2014-10-24T12:00:40","guid":{"rendered":"http:\/\/www.palaestina-verein.de\/wp\/wordpress\/?post_type=portfolio&#038;p=1579"},"modified":"2014-10-29T16:13:25","modified_gmt":"2014-10-29T16:13:25","slug":"adpv-39","status":"publish","type":"portfolio","link":"https:\/\/www.palaestina-verein.de\/wp\/wordpress?portfolio=adpv-39","title":{"rendered":"ADPV 39"},"content":{"rendered":"<p><a href=\"https:\/\/www.palaestina-verein.de\/wp\/wordpress\/wp-content\/uploads\/adpv39-large.jpg\"><img loading=\"lazy\" decoding=\"async\" class=\"wp-image-1562 alignleft\" src=\"https:\/\/www.palaestina-verein.de\/wp\/wordpress\/wp-content\/uploads\/adpv39-large.jpg\" alt=\"adpv39-large\" width=\"137\" height=\"200\" \/><\/a><\/p>\n<p>Jericke, Detlef<\/p>\n<h3>Regionaler Kult und lokaler Kult<\/h3>\n<h4>Studien zur Kult- und Religionsgeschichte Israels und Judas im 9. und 8. Jahrhundert v. Chr.<\/h4>\n<p>Detlef Jerickes Untersuchung zur Kult- und Religionsgeschichte Israels und Judas im 9. und 8. Jahrhundert v. Chr. beschreibt die Kultpraxis in Israel und Juda in einer bislang von der religionsgeschichtlichen Forschung vergleichsweise wenig beachteten Zeitspanne. Da die biblische Darstellung der Epoche ein aus sp\u00e4terer Sicht polemisch eingef\u00e4rbtes Bild konstruiert, st\u00fctzt sich die Studie vorwiegend auf zeitgen\u00f6ssische arch\u00e4ologische und epigraphische Zeugnisse. Ausgehend von einem in der Religionswissenschaft eingef\u00fchrten Drei-Ebenen-Modell (Staats- oder Dynastiekult, regionaler Kult, Hauskult) wird vorgeschlagen, die mittlere Ebene der Kultpraxis noch einmal zu differenzieren und regionale Kulte von lokalen Kulten zu unterscheiden. Der durch neuere Ausgrabungen im Norden Pal\u00e4stinas ausgewiesene Kult am Stadttor repr\u00e4sentiert eine Variante des regionalen Kults, wohingegen kleinere Kultr\u00e4ume innerhalb von Stadtanlagen auf eine spezifische Ausgestaltung des lokalen Kults hinweisen. Epigraphische Zeugnisse geben Hinweise darauf, dass dem aus dem Alten Testament als Gott Israels bekannten YHWH zumindest zeitweise die Funktion des &#8222;h\u00f6chsten Gottes&#8220; zugewiesen wurde. In den solcherma\u00dfen bezeugten kultischen Praktiken erweisen sich die Religionen Israels und Judas als regionale Auspr\u00e4gungen einer weite Teile des Zweistromlands und der Levante pr\u00e4genden &#8222;syroph\u00f6nizischen&#8220; Kultur.<\/p>\n<p><a href=\"http:\/\/www.harrassowitz-verlag.de\/dzo\/artikel\/201\/003\/3871_201.pdf?t=1282032746\" target=\"_blank\">Inhaltsverzeichnis<\/a><\/p>\n<p>ISBN: 978-3-447-06253-4<\/p>\n<p>Erscheinungsjahr: 2010<\/p>\n<p>248 Seiten &#8211; 24,0 \u00d7 17,0 cm.<\/p>\n<p>54.00 Eur &#8211; <a href=\"http:\/\/www.harrassowitz-verlag.de\/title_3871.ahtml\" target=\"_blank\">Beim Verlag bestellen<\/a><\/p>\n","protected":false},"excerpt":{"rendered":"<p>Jericke, Detlef: Regionaler Kult und lokaler Kult. Studien zur Kult- und Religionsgeschichte Israels und Judas im 9. und 8. Jahrhundert v. Chr., 2010<\/p>\n","protected":false},"author":6,"featured_media":0,"comment_status":"closed","ping_status":"closed","template":"","meta":{"_bbp_topic_count":0,"_bbp_reply_count":0,"_bbp_total_topic_count":0,"_bbp_total_reply_count":0,"_bbp_voice_count":0,"_bbp_anonymous_reply_count":0,"_bbp_topic_count_hidden":0,"_bbp_reply_count_hidden":0,"_bbp_forum_subforum_count":0,"footnotes":""},"tags":[],"portfolio_entries":[102],"class_list":["post-1579","portfolio","type-portfolio","status-publish","hentry","portfolio_entries-adpv"],"_links":{"self":[{"href":"https:\/\/www.palaestina-verein.de\/wp\/wordpress\/index.php?rest_route=\/wp\/v2\/portfolio\/1579","targetHints":{"allow":["GET"]}}],"collection":[{"href":"https:\/\/www.palaestina-verein.de\/wp\/wordpress\/index.php?rest_route=\/wp\/v2\/portfolio"}],"about":[{"href":"https:\/\/www.palaestina-verein.de\/wp\/wordpress\/index.php?rest_route=\/wp\/v2\/types\/portfolio"}],"author":[{"embeddable":true,"href":"https:\/\/www.palaestina-verein.de\/wp\/wordpress\/index.php?rest_route=\/wp\/v2\/users\/6"}],"replies":[{"embeddable":true,"href":"https:\/\/www.palaestina-verein.de\/wp\/wordpress\/index.php?rest_route=%2Fwp%2Fv2%2Fcomments&post=1579"}],"version-history":[{"count":0,"href":"https:\/\/www.palaestina-verein.de\/wp\/wordpress\/index.php?rest_route=\/wp\/v2\/portfolio\/1579\/revisions"}],"wp:attachment":[{"href":"https:\/\/www.palaestina-verein.de\/wp\/wordpress\/index.php?rest_route=%2Fwp%2Fv2%2Fmedia&parent=1579"}],"wp:term":[{"taxonomy":"post_tag","embeddable":true,"href":"https:\/\/www.palaestina-verein.de\/wp\/wordpress\/index.php?rest_route=%2Fwp%2Fv2%2Ftags&post=1579"},{"taxonomy":"portfolio_entries","embeddable":true,"href":"https:\/\/www.palaestina-verein.de\/wp\/wordpress\/index.php?rest_route=%2Fwp%2Fv2%2Fportfolio_entries&post=1579"}],"curies":[{"name":"wp","href":"https:\/\/api.w.org\/{rel}","templated":true}]}}

<p><a href="https://www.palaestina-verein.de/wp/wordpress/wp-content/uploads/adpv39-large.jpg"><img loading="lazy" decoding="async" class="wp-image-1562 alignleft" src="https://www.palaestina-verein.de/wp/wordpress/wp-content/uploads/adpv39-large.jpg" alt="adpv39-large" width="137" height="200" /></a></p>
<p>Jericke, Detlef</p>
<h3>Regionaler Kult und lokaler Kult</h3>
<h4>Studien zur Kult- und Religionsgeschichte Israels und Judas im 9. und 8. Jahrhundert v. Chr.</h4>
<p>Detlef Jerickes Untersuchung zur Kult- und Religionsgeschichte Israels und Judas im 9. und 8. Jahrhundert v. Chr. beschreibt die Kultpraxis in Israel und Juda in einer bislang von der religionsgeschichtlichen Forschung vergleichsweise wenig beachteten Zeitspanne. Da die biblische Darstellung der Epoche ein aus späterer Sicht polemisch eingefärbtes Bild konstruiert, stützt sich die Studie vorwiegend auf zeitgenössische archäologische und epigraphische Zeugnisse. Ausgehend von einem in der Religionswissenschaft eingeführten Drei-Ebenen-Modell (Staats- oder Dynastiekult, regionaler Kult, Hauskult) wird vorgeschlagen, die mittlere Ebene der Kultpraxis noch einmal zu differenzieren und regionale Kulte von lokalen Kulten zu unterscheiden. Der durch neuere Ausgrabungen im Norden Palästinas ausgewiesene Kult am Stadttor repräsentiert eine Variante des regionalen Kults, wohingegen kleinere Kulträume innerhalb von Stadtanlagen auf eine spezifische Ausgestaltung des lokalen Kults hinweisen. Epigraphische Zeugnisse geben Hinweise darauf, dass dem aus dem Alten Testament als Gott Israels bekannten YHWH zumindest zeitweise die Funktion des &#8222;höchsten Gottes&#8220; zugewiesen wurde. In den solchermaßen bezeugten kultischen Praktiken erweisen sich die Religionen Israels und Judas als regionale Ausprägungen einer weite Teile des Zweistromlands und der Levante prägenden &#8222;syrophönizischen&#8220; Kultur.</p>
<p><a href="http://www.harrassowitz-verlag.de/dzo/artikel/201/003/3871_201.pdf?t=1282032746" target="_blank">Inhaltsverzeichnis</a></p>
<p>ISBN: 978-3-447-06253-4</p>
<p>Erscheinungsjahr: 2010</p>
<p>248 Seiten &#8211; 24,0 × 17,0 cm.</p>
<p>54.00 Eur &#8211; <a href="http://www.harrassowitz-verlag.de/title_3871.ahtml" target="_blank">Beim Verlag bestellen</a></p>
